Last updated on 2025-04-30 00:49:59 CEST.
Flavor | Version | Tinstall | Tcheck | Ttotal | Status | Flags |
---|---|---|---|---|---|---|
r-devel-linux-x86_64-debian-clang | 0.2.7 | 4.57 | 34.77 | 39.34 | OK | |
r-devel-linux-x86_64-debian-gcc | 0.2.7 | 3.29 | 26.28 | 29.57 | OK | |
r-devel-linux-x86_64-fedora-clang | 0.2.7 | 59.00 | NOTE | |||
r-devel-linux-x86_64-fedora-gcc | 0.2.7 | 56.43 | NOTE | |||
r-devel-windows-x86_64 | 0.2.7 | 5.00 | 51.00 | 56.00 | OK | |
r-patched-linux-x86_64 | 0.2.7 | 4.45 | 32.14 | 36.59 | OK | |
r-release-linux-x86_64 | 0.2.7 | 3.78 | 32.22 | 36.00 | OK | |
r-release-macos-arm64 | 0.2.7 | 22.00 | OK | |||
r-release-macos-x86_64 | 0.2.7 | 46.00 | OK | |||
r-release-windows-x86_64 | 0.2.7 | 7.00 | 52.00 | 59.00 | OK | |
r-oldrel-macos-arm64 | 0.2.7 | 21.00 | OK | |||
r-oldrel-macos-x86_64 | 0.2.7 | 32.00 | OK | |||
r-oldrel-windows-x86_64 | 0.2.7 | 7.00 | 58.00 | 65.00 | OK |
Version: 0.2.7
Check: dependencies in R code
Result: NOTE
Namespaces in Imports field not imported from:
‘httr’ ‘logger’
All declared Imports should be used.
Flavors: r-devel-linux-x86_64-fedora-clang, r-devel-linux-x86_64-fedora-gcc