CRAN Package Check Results for Package SACCR

Last updated on 2024-06-13 11:48:27 CEST.

Flavor Version Tinstall Tcheck Ttotal Status Flags
r-devel-linux-x86_64-debian-clang 3.2 12.86 110.94 123.80 OK
r-devel-linux-x86_64-debian-gcc 3.2 0.32 1.58 1.90 ERROR
r-devel-linux-x86_64-fedora-clang 3.2 158.86 OK
r-devel-linux-x86_64-fedora-gcc 3.2 147.26 OK
r-devel-windows-x86_64 3.2 11.00 96.00 107.00 OK
r-patched-linux-x86_64 3.2 8.79 105.98 114.77 OK
r-release-linux-x86_64 3.2 8.73 104.03 112.76 OK
r-release-macos-arm64 3.2 45.00 OK
r-release-macos-x86_64 3.2 67.00 OK
r-release-windows-x86_64 3.2 12.00 95.00 107.00 OK
r-oldrel-macos-arm64 3.2 52.00 OK
r-oldrel-macos-x86_64 3.2 64.00 OK
r-oldrel-windows-x86_64 3.2 16.00 109.00 125.00 OK

Check Details

Version: 3.2
Check: package dependencies
Result: ERROR Package required but not available: ‘Trading’ See section ‘The DESCRIPTION file’ in the ‘Writing R Extensions’ manual. Flavor: r-devel-linux-x86_64-debian-gcc