Last updated on 2024-05-02 08:57:56 CEST.
Flavor | Version | Tinstall | Tcheck | Ttotal | Status | Flags |
---|---|---|---|---|---|---|
r-devel-linux-x86_64-debian-clang | 1.1.2 | 6.30 | 51.33 | 57.63 | OK | |
r-devel-linux-x86_64-debian-gcc | 1.1.2 | 6.03 | 38.08 | 44.11 | OK | |
r-devel-linux-x86_64-fedora-clang | 1.1.2 | 75.49 | NOTE | |||
r-devel-linux-x86_64-fedora-gcc | 1.1.2 | 85.40 | NOTE | |||
r-devel-windows-x86_64 | 1.1.2 | 7.00 | 65.00 | 72.00 | OK | |
r-patched-linux-x86_64 | 1.1.2 | 7.39 | 48.10 | 55.49 | OK | |
r-release-linux-x86_64 | 1.1.2 | 6.83 | 48.08 | 54.91 | OK | |
r-release-macos-arm64 | 1.1.2 | 36.00 | OK | |||
r-release-windows-x86_64 | 1.1.2 | 8.00 | 64.00 | 72.00 | OK | |
r-oldrel-macos-arm64 | 1.1.2 | 35.00 | OK | |||
r-oldrel-macos-x86_64 | 1.1.2 | 45.00 | OK | |||
r-oldrel-windows-x86_64 | 1.1.2 | 10.00 | 66.00 | 76.00 | OK |
Version: 1.1.2
Check: dependencies in R code
Result: NOTE
Namespace in Imports field not imported from: ‘methods’
All declared Imports should be used.
Flavors: r-devel-linux-x86_64-fedora-clang, r-devel-linux-x86_64-fedora-gcc