Last updated on 2024-04-25 22:49:21 CEST.
Flavor | Version | Tinstall | Tcheck | Ttotal | Status | Flags |
---|---|---|---|---|---|---|
r-devel-linux-x86_64-debian-clang | 2.0.2 | 14.88 | 306.86 | 321.74 | NOTE | |
r-devel-linux-x86_64-debian-gcc | 2.0.2 | 12.19 | 234.19 | 246.38 | OK | |
r-devel-linux-x86_64-fedora-clang | 2.0.2 | 412.30 | NOTE | |||
r-devel-linux-x86_64-fedora-gcc | 2.0.2 | 391.35 | NOTE | |||
r-devel-windows-x86_64 | 2.0.2 | 14.00 | 244.00 | 258.00 | OK | |
r-patched-linux-x86_64 | 2.0.2 | 18.20 | 293.71 | 311.91 | OK | |
r-release-linux-x86_64 | 2.0.2 | 15.01 | 300.48 | 315.49 | OK | |
r-release-macos-arm64 | 2.0.2 | 105.00 | NOTE | |||
r-release-windows-x86_64 | 2.0.2 | 14.00 | 227.00 | 241.00 | OK | |
r-oldrel-macos-arm64 | 2.0.2 | 136.00 | NOTE | |||
r-oldrel-macos-x86_64 | 2.0.2 | 355.00 | NOTE | |||
r-oldrel-windows-x86_64 | 2.0.2 | 15.00 | 320.00 | 335.00 | OK |
Version: 2.0.2
Check: package dependencies
Result: NOTE
Package suggested but not available for checking: ‘AUCell’
Flavor: r-devel-linux-x86_64-debian-clang
Version: 2.0.2
Check: package dependencies
Result: NOTE
Package suggested but not available for checking: ‘decoupleR’
Flavors: r-devel-linux-x86_64-fedora-clang, r-devel-linux-x86_64-fedora-gcc
Version: 2.0.2
Check: package dependencies
Result: NOTE
Packages suggested but not available for checking:
'AUCell', 'infercnv', 'Nebulosa'
Flavor: r-release-macos-arm64
Version: 2.0.2
Check: Rd cross-references
Result: NOTE
Package unavailable to check Rd xrefs: ‘infercnv’
Flavors: r-release-macos-arm64, r-oldrel-macos-arm64, r-oldrel-macos-x86_64
Version: 2.0.2
Check: package dependencies
Result: NOTE
Packages suggested but not available for checking:
'AUCell', 'decoupleR', 'infercnv', 'Nebulosa'
Flavors: r-oldrel-macos-arm64, r-oldrel-macos-x86_64