Last updated on 2025-04-29 15:50:31 CEST.
Flavor | Version | Tinstall | Tcheck | Ttotal | Status | Flags |
---|---|---|---|---|---|---|
r-devel-linux-x86_64-debian-clang | 2.7.3 | 28.96 | 276.45 | 305.41 | NOTE | |
r-devel-linux-x86_64-debian-gcc | 2.7.3 | 18.07 | 171.20 | 189.27 | OK | |
r-devel-linux-x86_64-fedora-clang | 2.7.3 | 484.44 | OK | |||
r-devel-linux-x86_64-fedora-gcc | 2.7.3 | 448.19 | OK | |||
r-devel-windows-x86_64 | 2.7.3 | 26.00 | 208.00 | 234.00 | OK | |
r-patched-linux-x86_64 | 2.7.3 | 24.21 | 258.50 | 282.71 | OK | |
r-release-linux-x86_64 | 2.7.3 | 23.17 | 260.29 | 283.46 | OK | |
r-release-macos-arm64 | 2.7.3 | 104.00 | OK | |||
r-release-macos-x86_64 | 2.7.3 | 240.00 | OK | |||
r-release-windows-x86_64 | 2.7.3 | 26.00 | 208.00 | 234.00 | OK | |
r-oldrel-macos-arm64 | 2.7.3 | 104.00 | OK | |||
r-oldrel-macos-x86_64 | 2.7.3 | 161.00 | OK | |||
r-oldrel-windows-x86_64 | 2.7.3 | 33.00 | 302.00 | 335.00 | OK |
Version: 2.7.3
Check: examples
Result: NOTE
Examples with CPU (user + system) or elapsed time > 5s
user system elapsed
summarize_sdg 5.133 0.055 7.130
SDGdetector 4.787 0.035 5.294
Flavor: r-devel-linux-x86_64-debian-clang