Last updated on 2024-08-31 22:49:50 CEST.
Flavor | Version | Tinstall | Tcheck | Ttotal | Status | Flags |
---|---|---|---|---|---|---|
r-devel-linux-x86_64-debian-clang | 1.10.0 | 12.49 | 102.38 | 114.87 | OK | |
r-devel-linux-x86_64-debian-gcc | 1.10.0 | 8.53 | 68.10 | 76.63 | OK | |
r-devel-linux-x86_64-fedora-clang | 1.10.0 | 191.51 | OK | |||
r-devel-linux-x86_64-fedora-gcc | 1.10.0 | 185.24 | OK | |||
r-devel-windows-x86_64 | 1.10.0 | 14.00 | 105.00 | 119.00 | OK | |
r-patched-linux-x86_64 | 1.10.0 | 11.11 | 94.01 | 105.12 | OK | |
r-release-linux-x86_64 | 1.10.0 | 11.93 | 92.25 | 104.18 | ERROR | |
r-release-macos-arm64 | 1.10.0 | 56.00 | OK | |||
r-release-macos-x86_64 | 1.10.0 | 101.00 | OK | |||
r-release-windows-x86_64 | 1.10.0 | 14.00 | 106.00 | 120.00 | OK | |
r-oldrel-macos-arm64 | 1.10.0 | 55.00 | OK | |||
r-oldrel-macos-x86_64 | 1.10.0 | 119.00 | OK | |||
r-oldrel-windows-x86_64 | 1.10.0 | 18.00 | 126.00 | 144.00 | OK |
Version: 1.10.0
Check: re-building of vignette outputs
Result: ERROR
Error(s) in re-building vignettes:
...
--- re-building ‘Dirichlet-elicitation.Rmd’ using rmarkdown
** Processing: /home/hornik/tmp/R.check/r-release-gcc/Work/PKGS/SHELF.Rcheck/vign_test/SHELF/vignettes/Dirichlet-elicitation_files/figure-html/unnamed-chunk-5-1.png
480x384 pixels, 3x8 bits/pixel, RGB
Input IDAT size = 28713 bytes
Input file size = 28827 bytes
Trying:
zc = 9 zm = 8 zs = 0 f = 0 IDAT size = 23108
zc = 9 zm = 8 zs = 1 f = 0
zc = 1 zm = 8 zs = 2 f = 0
zc = 9 zm = 8 zs = 3 f = 0
zc = 9 zm = 8 zs = 0 f = 5
zc = 9 zm = 8 zs = 1 f = 5
zc = 1 zm = 8 zs = 2 f = 5
zc = 9 zm = 8 zs = 3 f = 5
Selecting parameters:
zc = 9 zm = 8 zs = 0 f = 0 IDAT size = 23108
Output IDAT size = 23108 bytes (5605 bytes decrease)
Output file size = 23186 bytes (5641 bytes = 19.57% decrease)
** Processing: /home/hornik/tmp/R.check/r-release-gcc/Work/PKGS/SHELF.Rcheck/vign_test/SHELF/vignettes/Dirichlet-elicitation_files/figure-html/unnamed-chunk-7-1.png
480x384 pixels, 3x8 bits/pixel, RGB
Input IDAT size = 29434 bytes
Input file size = 29548 bytes
Trying:
zc = 9 zm = 8 zs = 0 f = 0 IDAT size = 23482
zc = 9 zm = 8 zs = 1 f = 0
zc = 1 zm = 8 zs = 2 f = 0
zc = 9 zm = 8 zs = 3 f = 0
zc = 9 zm = 8 zs = 0 f = 5
zc = 9 zm = 8 zs = 1 f = 5
zc = 1 zm = 8 zs = 2 f = 5
zc = 9 zm = 8 zs = 3 f = 5
Selecting parameters:
zc = 9 zm = 8 zs = 0 f = 0 IDAT size = 23482
Output IDAT size = 23482 bytes (5952 bytes decrease)
Output file size = 23560 bytes (5988 bytes = 20.27% decrease)
--- finished re-building ‘Dirichlet-elicitation.Rmd’
--- re-building ‘Multivariate-normal-copula.Rmd’ using rmarkdown
** Processing: /home/hornik/tmp/R.check/r-release-gcc/Work/PKGS/SHELF.Rcheck/vign_test/SHELF/vignettes/Multivariate-normal-copula_files/figure-html/unnamed-chunk-2-1.png
288x288 pixels, 8 bits/pixel, 255 colors in palette
Reducing image to 8 bits/pixel, grayscale
Input IDAT size = 6474 bytes
Input file size = 7329 bytes
Trying:
zc = 9 zm = 8 zs = 0 f = 0 IDAT size = 5792
zc = 9 zm = 8 zs = 1 f = 0 IDAT size = 5756
zc = 1 zm = 8 zs = 2 f = 0
zc = 9 zm = 8 zs = 3 f = 0
zc = 9 zm = 8 zs = 0 f = 5
zc = 9 zm = 8 zs = 1 f = 5
zc = 1 zm = 8 zs = 2 f = 5
zc = 9 zm = 8 zs = 3 f = 5
Selecting parameters:
zc = 9 zm = 8 zs = 1 f = 0 IDAT size = 5756
Output IDAT size = 5756 bytes (718 bytes decrease)
Output file size = 5834 bytes (1495 bytes = 20.40% decrease)
** Processing: /home/hornik/tmp/R.check/r-release-gcc/Work/PKGS/SHELF.Rcheck/vign_test/SHELF/vignettes/Multivariate-normal-copula_files/figure-html/unnamed-chunk-2-2.png
288x288 pixels, 8 bits/pixel, 256 colors in palette
Reducing image to 8 bits/pixel, grayscale
Input IDAT size = 6326 bytes
Input file size = 7184 bytes
Trying:
zc = 9 zm = 8 zs = 0 f = 0 IDAT size = 5630
zc = 9 zm = 8 zs = 1 f = 0 IDAT size = 5593
zc = 1 zm = 8 zs = 2 f = 0
zc = 9 zm = 8 zs = 3 f = 0
zc = 9 zm = 8 zs = 0 f = 5
zc = 9 zm = 8 zs = 1 f = 5
zc = 1 zm = 8 zs = 2 f = 5
zc = 9 zm = 8 zs = 3 f = 5
Selecting parameters:
zc = 9 zm = 8 zs = 1 f = 0 IDAT size = 5593
Output IDAT size = 5593 bytes (733 bytes decrease)
Output file size = 5671 bytes (1513 bytes = 21.06% decrease)
** Processing: /home/hornik/tmp/R.check/r-release-gcc/Work/PKGS/SHELF.Rcheck/vign_test/SHELF/vignettes/Multivariate-normal-copula_files/figure-html/unnamed-chunk-5-1.png
240x240 pixels, 3x8 bits/pixel, RGB
Input IDAT size = 22085 bytes
Input file size = 22187 bytes
Trying:
zc = 9 zm = 8 zs = 0 f = 0 IDAT size = 20722
zc = 9 zm = 8 zs = 1 f = 0
zc = 1 zm = 8 zs = 2 f = 0
zc = 9 zm = 8 zs = 3 f = 0
zc = 9 zm = 8 zs = 0 f = 5 IDAT size = 20333
zc = 9 zm = 8 zs = 1 f = 5
zc = 1 zm = 8 zs = 2 f = 5
zc = 9 zm = 8 zs = 3 f = 5
Selecting parameters:
zc = 9 zm = 8 zs = 0 f = 5 IDAT size = 20333
Output IDAT size = 20333 bytes (1752 bytes decrease)
Output file size = 20411 bytes (1776 bytes = 8.00% decrease)
Quitting from lines 173-177 [unnamed-chunk-11] (Multivariate-normal-copula.Rmd)
Error: processing vignette 'Multivariate-normal-copula.Rmd' failed with diagnostics:
failed convergence, try with solver="RFB"
--- failed re-building ‘Multivariate-normal-copula.Rmd’
--- re-building ‘SHELF-overview.Rmd’ using rmarkdown
** Processing: /home/hornik/tmp/R.check/r-release-gcc/Work/PKGS/SHELF.Rcheck/vign_test/SHELF/vignettes/SHELF-overview_files/figure-html/plot-fitted-distributions-1.png
480x384 pixels, 3x8 bits/pixel, RGB
Input IDAT size = 24064 bytes
Input file size = 24166 bytes
Trying:
zc = 9 zm = 8 zs = 0 f = 0 IDAT size = 19855
zc = 9 zm = 8 zs = 1 f = 0
zc = 1 zm = 8 zs = 2 f = 0
zc = 9 zm = 8 zs = 3 f = 0
zc = 9 zm = 8 zs = 0 f = 5
zc = 9 zm = 8 zs = 1 f = 5
zc = 1 zm = 8 zs = 2 f = 5
zc = 9 zm = 8 zs = 3 f = 5
Selecting parameters:
zc = 9 zm = 8 zs = 0 f = 0 IDAT size = 19855
Output IDAT size = 19855 bytes (4209 bytes decrease)
Output file size = 19933 bytes (4233 bytes = 17.52% decrease)
** Processing: /home/hornik/tmp/R.check/r-release-gcc/Work/PKGS/SHELF.Rcheck/vign_test/SHELF/vignettes/SHELF-overview_files/figure-html/plot-RIO-1.png
480x384 pixels, 3x8 bits/pixel, RGB
Input IDAT size = 18627 bytes
Input file size = 18729 bytes
Trying:
zc = 9 zm = 8 zs = 0 f = 0 IDAT size = 15616
zc = 9 zm = 8 zs = 1 f = 0
zc = 1 zm = 8 zs = 2 f = 0
zc = 9 zm = 8 zs = 3 f = 0
zc = 9 zm = 8 zs = 0 f = 5
zc = 9 zm = 8 zs = 1 f = 5
zc = 1 zm = 8 zs = 2 f = 5
zc = 9 zm = 8 zs = 3 f = 5
Selecting parameters:
zc = 9 zm = 8 zs = 0 f = 0 IDAT size = 15616
Output IDAT size = 15616 bytes (3011 bytes decrease)
Output file size = 15694 bytes (3035 bytes = 16.20% decrease)
--- finished re-building ‘SHELF-overview.Rmd’
SUMMARY: processing the following file failed:
‘Multivariate-normal-copula.Rmd’
Error: Vignette re-building failed.
Execution halted
Flavor: r-release-linux-x86_64