Last updated on 2024-08-31 22:49:50 CEST.
Flavor | Version | Tinstall | Tcheck | Ttotal | Status | Flags |
---|---|---|---|---|---|---|
r-devel-linux-x86_64-debian-clang | 0.1.1 | 21.39 | 131.81 | 153.20 | OK | |
r-devel-linux-x86_64-debian-gcc | 0.1.1 | 14.20 | 91.74 | 105.94 | OK | |
r-devel-linux-x86_64-fedora-clang | 0.1.1 | 236.24 | NOTE | |||
r-devel-linux-x86_64-fedora-gcc | 0.1.1 | 221.23 | OK | |||
r-devel-windows-x86_64 | 0.1.1 | 24.00 | 122.00 | 146.00 | OK | |
r-patched-linux-x86_64 | 0.1.1 | 19.99 | 119.19 | 139.18 | OK | |
r-release-linux-x86_64 | 0.1.1 | 18.08 | 119.72 | 137.80 | OK | |
r-release-macos-arm64 | 0.1.1 | 60.00 | OK | |||
r-release-macos-x86_64 | 0.1.1 | 92.00 | OK | |||
r-release-windows-x86_64 | 0.1.1 | 22.00 | 122.00 | 144.00 | OK | |
r-oldrel-macos-arm64 | 0.1.1 | 70.00 | OK | |||
r-oldrel-macos-x86_64 | 0.1.1 | 169.00 | OK | |||
r-oldrel-windows-x86_64 | 0.1.1 | 30.00 | 154.00 | 184.00 | OK |
Version: 0.1.1
Check: package dependencies
Result: NOTE
Imports includes 22 non-default packages.
Importing from so many packages makes the package vulnerable to any of
them becoming unavailable. Move as many as possible to Suggests and
use conditionally.
Flavor: r-devel-linux-x86_64-fedora-clang