Last updated on 2024-08-31 22:49:51 CEST.
Flavor | Version | Tinstall | Tcheck | Ttotal | Status | Flags |
---|---|---|---|---|---|---|
r-devel-linux-x86_64-debian-clang | 0.0.3 | 29.09 | 172.54 | 201.63 | OK | |
r-devel-linux-x86_64-debian-gcc | 0.0.3 | 20.60 | 127.89 | 148.49 | OK | |
r-devel-linux-x86_64-fedora-clang | 0.0.3 | 180.85 | NOTE | |||
r-devel-linux-x86_64-fedora-gcc | 0.0.3 | 176.64 | OK | |||
r-devel-windows-x86_64 | 0.0.3 | 22.00 | 152.00 | 174.00 | OK | |
r-patched-linux-x86_64 | 0.0.3 | 29.65 | 165.20 | 194.85 | OK | |
r-release-linux-x86_64 | 0.0.3 | 30.06 | 166.47 | 196.53 | OK | |
r-release-macos-arm64 | 0.0.3 | 86.00 | OK | |||
r-release-macos-x86_64 | 0.0.3 | 144.00 | OK | |||
r-release-windows-x86_64 | 0.0.3 | 23.00 | 153.00 | 176.00 | OK | |
r-oldrel-macos-arm64 | 0.0.3 | 87.00 | OK | |||
r-oldrel-macos-x86_64 | 0.0.3 | 172.00 | OK | |||
r-oldrel-windows-x86_64 | 0.0.3 | 30.00 | 192.00 | 222.00 | OK |
Version: 0.0.3
Check: installed package size
Result: NOTE
installed size is 5.0Mb
sub-directories of 1Mb or more:
extdata 4.2Mb
Flavor: r-devel-linux-x86_64-fedora-clang