CRAN Package Check Results for Package SWMPrExtension

Last updated on 2025-04-30 13:54:32 CEST.

Flavor Version Tinstall Tcheck Ttotal Status Flags
r-devel-linux-x86_64-debian-clang 2.2.5.1 21.69 184.05 205.74 NOTE
r-devel-linux-x86_64-debian-gcc 2.2.5.1 14.20 127.88 142.08 NOTE
r-devel-linux-x86_64-fedora-clang 2.2.5.1 343.49 OK
r-devel-linux-x86_64-fedora-gcc 2.2.5.1 336.56 OK
r-devel-windows-x86_64 2.2.5.1 24.00 205.00 229.00 NOTE
r-patched-linux-x86_64 2.2.5.1 20.46 171.95 192.41 NOTE
r-release-linux-x86_64 2.2.5.1 18.99 171.63 190.62 NOTE
r-release-macos-arm64 2.2.5.1 96.00 OK
r-release-macos-x86_64 2.2.5.1 191.00 OK
r-release-windows-x86_64 2.2.5.1 25.00 208.00 233.00 NOTE
r-oldrel-macos-arm64 2.2.5.1 97.00 OK
r-oldrel-macos-x86_64 2.2.5.1 146.00 OK
r-oldrel-windows-x86_64 2.2.5.1 36.00 267.00 303.00 OK

Check Details

Version: 2.2.5.1
Check: Rd cross-references
Result: NOTE Found the following Rd file(s) with Rd \link{} targets missing package anchors: import_local_nut.Rd: rem_reps, all_params, all_params_dtrng, single_param Please provide package anchors for all Rd \link{} targets not in the package itself and the base packages. Flavors: r-devel-linux-x86_64-debian-clang, r-devel-linux-x86_64-debian-gcc, r-devel-windows-x86_64, r-patched-linux-x86_64, r-release-linux-x86_64, r-release-windows-x86_64

Version: 2.2.5.1
Check: examples
Result: NOTE Examples with CPU (user + system) or elapsed time > 5s user system elapsed seasonal_dot 9.615 0.132 12.464 threshold_percentile_plot 6.192 0.115 7.506 sk_seasonal 4.480 0.075 5.545 Flavor: r-devel-linux-x86_64-debian-clang

Version: 2.2.5.1
Check: examples
Result: NOTE Examples with CPU (user + system) or elapsed time > 5s user system elapsed seasonal_dot 5.811 0.161 7.231 Flavor: r-devel-linux-x86_64-debian-gcc