Last updated on 2025-02-05 07:50:26 CET.
Flavor | Version | Tinstall | Tcheck | Ttotal | Status | Flags |
---|---|---|---|---|---|---|
r-devel-linux-x86_64-debian-clang | 0.1.1 | 7.31 | 54.01 | 61.32 | NOTE | |
r-devel-linux-x86_64-debian-gcc | 0.1.1 | 4.92 | 40.13 | 45.05 | NOTE | |
r-devel-linux-x86_64-fedora-clang | 0.1.1 | 96.93 | NOTE | |||
r-devel-linux-x86_64-fedora-gcc | 0.1.1 | 90.33 | NOTE | |||
r-devel-windows-x86_64 | 0.1.1 | 6.00 | 69.00 | 75.00 | NOTE | |
r-patched-linux-x86_64 | 0.1.1 | 6.78 | 51.37 | 58.15 | NOTE | |
r-release-linux-x86_64 | 0.1.1 | 6.44 | 50.82 | 57.26 | NOTE | |
r-release-macos-arm64 | 0.1.1 | 30.00 | NOTE | |||
r-release-macos-x86_64 | 0.1.1 | 45.00 | NOTE | |||
r-release-windows-x86_64 | 0.1.1 | 7.00 | 66.00 | 73.00 | NOTE | |
r-oldrel-macos-arm64 | 0.1.1 | 34.00 | NOTE | |||
r-oldrel-macos-x86_64 | 0.1.1 | 49.00 | NOTE | |||
r-oldrel-windows-x86_64 | 0.1.1 | 8.00 | 75.00 | 83.00 | NOTE |
Version: 0.1.1
Check: package subdirectories
Result: NOTE
Problems with news in ‘NEWS.md’:
No news entries found.
Flavors: r-devel-linux-x86_64-debian-clang, r-devel-linux-x86_64-debian-gcc, r-devel-linux-x86_64-fedora-clang, r-devel-linux-x86_64-fedora-gcc, r-devel-windows-x86_64, r-patched-linux-x86_64, r-release-linux-x86_64, r-release-macos-arm64, r-release-macos-x86_64, r-release-windows-x86_64, r-oldrel-macos-arm64, r-oldrel-macos-x86_64, r-oldrel-windows-x86_64
Version: 0.1.1
Check: dependencies in R code
Result: NOTE
Namespace in Imports field not imported from: ‘methods’
All declared Imports should be used.
Flavors: r-devel-linux-x86_64-fedora-clang, r-devel-linux-x86_64-fedora-gcc