CRAN Package Check Results for Package SpatialDDLS

Last updated on 2025-04-29 10:50:50 CEST.

Flavor Version Tinstall Tcheck Ttotal Status Flags
r-devel-linux-x86_64-debian-clang 1.0.3 42.64 432.64 475.28 NOTE
r-devel-linux-x86_64-debian-gcc 1.0.3 32.35 295.46 327.81 NOTE
r-devel-linux-x86_64-fedora-clang 1.0.3 799.63 NOTE
r-devel-linux-x86_64-fedora-gcc 1.0.3 715.75 NOTE
r-devel-windows-x86_64 1.0.3 52.00 671.00 723.00 NOTE
r-patched-linux-x86_64 1.0.3 41.96 403.76 445.72 NOTE
r-release-linux-x86_64 1.0.3 41.14 406.67 447.81 NOTE
r-release-macos-arm64 1.0.3 184.00 NOTE
r-release-macos-x86_64 1.0.3 354.00 NOTE
r-release-windows-x86_64 1.0.3 51.00 684.00 735.00 NOTE
r-oldrel-macos-arm64 1.0.3 137.00 OK
r-oldrel-macos-x86_64 1.0.3 228.00 OK
r-oldrel-windows-x86_64 1.0.3 59.00 570.00 629.00 OK

Check Details

Version: 1.0.3
Check: DESCRIPTION meta-information
Result: NOTE Missing dependency on R >= 4.1.0 because package code uses the pipe |> or function shorthand \(...) syntax added in R 4.1.0. File(s) using such syntax: ‘dnnModel.R’ ‘interGradientsDL.R’ ‘loadData.R’ ‘spatialClustering.R’ Flavors: r-devel-linux-x86_64-debian-clang, r-devel-linux-x86_64-debian-gcc, r-devel-linux-x86_64-fedora-clang, r-devel-linux-x86_64-fedora-gcc, r-devel-windows-x86_64, r-patched-linux-x86_64, r-release-linux-x86_64, r-release-macos-arm64, r-release-macos-x86_64, r-release-windows-x86_64

Version: 1.0.3
Check: examples
Result: NOTE Examples with CPU (user + system) or elapsed time > 5s user system elapsed estimateZinbwaveParams 4.173 0.389 6.333 Flavor: r-devel-linux-x86_64-debian-clang