Last updated on 2024-04-27 09:49:23 CEST.
Flavor | Version | Tinstall | Tcheck | Ttotal | Status | Flags |
---|---|---|---|---|---|---|
r-devel-linux-x86_64-debian-clang | 0.1.2 | 41.59 | 78.68 | 120.27 | NOTE | |
r-devel-linux-x86_64-debian-gcc | 0.1.2 | 31.97 | 57.73 | 89.70 | NOTE | |
r-devel-linux-x86_64-fedora-clang | 0.1.2 | 156.46 | NOTE | |||
r-devel-linux-x86_64-fedora-gcc | 0.1.2 | 166.70 | NOTE | |||
r-devel-windows-x86_64 | 0.1.2 | 34.00 | 93.00 | 127.00 | NOTE | |
r-patched-linux-x86_64 | 0.1.2 | 42.75 | 74.82 | 117.57 | NOTE | |
r-release-linux-x86_64 | 0.1.2 | 41.03 | 75.70 | 116.73 | NOTE | |
r-release-macos-arm64 | 0.1.2 | 41.00 | NOTE | |||
r-release-windows-x86_64 | 0.1.2 | 33.00 | 92.00 | 125.00 | NOTE | |
r-oldrel-macos-arm64 | 0.1.2 | 49.00 | NOTE | |||
r-oldrel-macos-x86_64 | 0.1.2 | 74.00 | NOTE | |||
r-oldrel-windows-x86_64 | 0.1.2 | 44.00 | 110.00 | 154.00 | NOTE |
Version: 0.1.2
Check: C++ specification
Result: NOTE
Specified C++11: please drop specification unless essential
Flavors: r-devel-linux-x86_64-debian-clang, r-devel-linux-x86_64-debian-gcc, r-devel-linux-x86_64-fedora-clang, r-devel-linux-x86_64-fedora-gcc, r-devel-windows-x86_64, r-patched-linux-x86_64, r-release-linux-x86_64, r-release-macos-arm64, r-release-windows-x86_64, r-oldrel-macos-arm64, r-oldrel-macos-x86_64, r-oldrel-windows-x86_64