Last updated on 2024-05-02 13:50:16 CEST.
Flavor | Version | Tinstall | Tcheck | Ttotal | Status | Flags |
---|---|---|---|---|---|---|
r-devel-linux-x86_64-debian-clang | 1.2 | 3.14 | 24.10 | 27.24 | NOTE | |
r-devel-linux-x86_64-debian-gcc | 1.2 | 2.49 | 18.99 | 21.48 | NOTE | |
r-devel-linux-x86_64-fedora-clang | 1.2 | 34.82 | NOTE | |||
r-devel-linux-x86_64-fedora-gcc | 1.2 | 35.60 | NOTE | |||
r-devel-windows-x86_64 | 1.2 | 3.00 | 0.00 | 3.00 | FAIL | |
r-patched-linux-x86_64 | 1.2 | 3.21 | 23.47 | 26.68 | NOTE | |
r-release-linux-x86_64 | 1.2 | 2.68 | 23.69 | 26.37 | NOTE | |
r-release-macos-arm64 | 1.2 | 17.00 | NOTE | |||
r-release-windows-x86_64 | 1.2 | 3.00 | 40.00 | 43.00 | NOTE | |
r-oldrel-macos-arm64 | 1.2 | 17.00 | NOTE | |||
r-oldrel-macos-x86_64 | 1.2 | 20.00 | NOTE | |||
r-oldrel-windows-x86_64 | 1.2 | 3.00 | 40.00 | 43.00 | NOTE |
Version: 1.2
Check: DESCRIPTION meta-information
Result: NOTE
Malformed Title field: should not end in a period.
Flavors: r-devel-linux-x86_64-debian-clang, r-devel-linux-x86_64-debian-gcc, r-devel-linux-x86_64-fedora-clang, r-devel-linux-x86_64-fedora-gcc, r-devel-windows-x86_64, r-patched-linux-x86_64, r-release-linux-x86_64, r-release-macos-arm64, r-release-windows-x86_64, r-oldrel-macos-arm64, r-oldrel-macos-x86_64, r-oldrel-windows-x86_64
Version: 1.2
Check: examples
Result: FAIL
Check process probably crashed or hung up for 20 minutes ... killed
Most likely this happened in the example checks (?),
if not, ignore the following last lines of example output:
======== End of example output (where/before crash/hang up occured ?) ========
Flavor: r-devel-windows-x86_64