Last updated on 2025-04-30 08:53:11 CEST.
Flavor | Version | Tinstall | Tcheck | Ttotal | Status | Flags |
---|---|---|---|---|---|---|
r-devel-linux-x86_64-debian-clang | 1.3.1 | 14.51 | 99.06 | 113.57 | NOTE | |
r-devel-linux-x86_64-debian-gcc | 1.3.1 | 9.19 | 66.14 | 75.33 | NOTE | |
r-devel-linux-x86_64-fedora-clang | 1.3.1 | 186.67 | OK | |||
r-devel-linux-x86_64-fedora-gcc | 1.3.1 | 176.81 | OK | |||
r-devel-windows-x86_64 | 1.3.1 | 18.00 | 121.00 | 139.00 | OK | |
r-patched-linux-x86_64 | 1.3.1 | 15.33 | 90.41 | 105.74 | OK | |
r-release-linux-x86_64 | 1.3.1 | 14.14 | 91.68 | 105.82 | OK | |
r-release-macos-arm64 | 1.3.1 | 59.00 | OK | |||
r-release-macos-x86_64 | 1.3.1 | 99.00 | OK | |||
r-release-windows-x86_64 | 1.3.1 | 18.00 | 146.00 | 164.00 | OK | |
r-oldrel-macos-arm64 | 1.3.1 | 47.00 | OK | |||
r-oldrel-macos-x86_64 | 1.3.1 | 73.00 | OK | |||
r-oldrel-windows-x86_64 | 1.3.1 | 21.00 | 173.00 | 194.00 | OK |
Version: 1.3.1
Check: CRAN incoming feasibility
Result: NOTE
Maintainer: ‘Sebastien Wouters <wouterseb@gmail.com>’
No Authors@R field in DESCRIPTION.
Please add one, modifying
Authors@R: c(person(given = "Sebastien",
family = "Wouters",
role = c("aut", "cre"),
email = "wouterseb@gmail.com"),
person(given = c("Adam", "D."),
family = "Smith",
role = "ctb"))
as necessary.
Flavors: r-devel-linux-x86_64-debian-clang, r-devel-linux-x86_64-debian-gcc