CRAN Package Check Results for Package TCIU

Last updated on 2025-06-21 21:50:10 CEST.

Flavor Version Tinstall Tcheck Ttotal Status Flags
r-devel-linux-x86_64-debian-clang 1.2.7 29.90 315.80 345.70 OK
r-devel-linux-x86_64-debian-gcc 1.2.7 18.64 206.03 224.67 OK
r-devel-linux-x86_64-fedora-clang 1.2.7 582.38 OK
r-devel-linux-x86_64-fedora-gcc 1.2.7 586.25 OK
r-devel-windows-x86_64 1.2.7 39.00 409.00 448.00 OK
r-patched-linux-x86_64 1.2.7 28.41 308.51 336.92 OK
r-release-linux-x86_64 1.2.7 26.50 306.28 332.78 OK
r-release-macos-arm64 1.2.7 155.00 OK
r-release-macos-x86_64 1.2.7 274.00 OK
r-release-windows-x86_64 1.2.7 36.00 406.00 442.00 OK
r-oldrel-macos-arm64 1.2.7 117.00 NOTE
r-oldrel-macos-x86_64 1.2.7 165.00 NOTE
r-oldrel-windows-x86_64 1.2.7 47.00 508.00 555.00 NOTE

Check Details

Version: 1.2.7
Check: installed package size
Result: NOTE installed size is 13.5Mb sub-directories of 1Mb or more: doc 12.0Mb Flavors: r-oldrel-macos-arm64, r-oldrel-macos-x86_64, r-oldrel-windows-x86_64