Last updated on 2024-05-02 07:11:06 CEST.
Flavor | Version | Tinstall | Tcheck | Ttotal | Status | Flags |
---|---|---|---|---|---|---|
r-devel-linux-x86_64-debian-clang | 0.1.0 | 12.31 | 95.92 | 108.23 | NOTE | |
r-devel-linux-x86_64-debian-gcc | 0.1.0 | 7.51 | 70.33 | 77.84 | NOTE | |
r-devel-linux-x86_64-fedora-clang | 0.1.0 | 130.66 | NOTE | |||
r-devel-linux-x86_64-fedora-gcc | 0.1.0 | 126.60 | NOTE | |||
r-devel-windows-x86_64 | 0.1.0 | 11.00 | 109.00 | 120.00 | NOTE | |
r-patched-linux-x86_64 | 0.1.0 | 8.76 | 90.52 | 99.28 | NOTE | |
r-release-linux-x86_64 | 0.1.0 | 9.27 | 91.02 | 100.29 | NOTE | |
r-release-macos-arm64 | 0.1.0 | 40.00 | NOTE | |||
r-release-windows-x86_64 | 0.1.0 | 9.00 | 91.00 | 100.00 | NOTE | |
r-oldrel-macos-arm64 | 0.1.0 | 48.00 | NOTE | |||
r-oldrel-macos-x86_64 | 0.1.0 | 68.00 | NOTE | |||
r-oldrel-windows-x86_64 | 0.1.0 | 12.00 | 103.00 | 115.00 | NOTE |
Version: 0.1.0
Check: LazyData
Result: NOTE
'LazyData' is specified without a 'data' directory
Flavors: r-devel-linux-x86_64-debian-clang, r-devel-linux-x86_64-debian-gcc, r-devel-linux-x86_64-fedora-clang, r-devel-linux-x86_64-fedora-gcc, r-devel-windows-x86_64, r-patched-linux-x86_64, r-release-linux-x86_64, r-release-macos-arm64, r-release-windows-x86_64, r-oldrel-macos-arm64, r-oldrel-macos-x86_64, r-oldrel-windows-x86_64