Last updated on 2024-07-27 16:49:24 CEST.
Flavor | Version | Tinstall | Tcheck | Ttotal | Status | Flags |
---|---|---|---|---|---|---|
r-devel-linux-x86_64-debian-clang | 2.0.0 | 44.57 | 651.41 | 695.98 | OK | |
r-devel-linux-x86_64-debian-gcc | 2.0.0 | OK | ||||
r-devel-linux-x86_64-fedora-clang | 2.0.0 | 938.03 | NOTE | |||
r-devel-linux-x86_64-fedora-gcc | 2.0.0 | 925.62 | OK | |||
r-devel-windows-x86_64 | 2.0.0 | 44.00 | 639.00 | 683.00 | NOTE | |
r-patched-linux-x86_64 | 2.0.0 | OK | ||||
r-release-linux-x86_64 | 2.0.0 | 42.25 | 628.43 | 670.68 | OK | |
r-release-macos-arm64 | 2.0.0 | 296.00 | NOTE | |||
r-release-macos-x86_64 | 2.0.0 | 314.00 | NOTE | |||
r-release-windows-x86_64 | 2.0.0 | 41.00 | 635.00 | 676.00 | NOTE | |
r-oldrel-macos-arm64 | 2.0.0 | 11.00 | ERROR | |||
r-oldrel-macos-x86_64 | 2.0.0 | 11.00 | ERROR | |||
r-oldrel-windows-x86_64 | 2.0.0 | 56.00 | 857.00 | 913.00 | NOTE |
Version: 2.0.0
Check: package dependencies
Result: NOTE
Imports includes 36 non-default packages.
Importing from so many packages makes the package vulnerable to any of
them becoming unavailable. Move as many as possible to Suggests and
use conditionally.
Flavor: r-devel-linux-x86_64-fedora-clang
Version: 2.0.0
Check: installed package size
Result: NOTE
installed size is 6.4Mb
sub-directories of 1Mb or more:
data-tables 1.5Mb
doc 2.0Mb
help 1.2Mb
Flavors: r-devel-linux-x86_64-fedora-clang, r-devel-windows-x86_64, r-release-macos-arm64, r-release-macos-x86_64, r-release-windows-x86_64, r-oldrel-windows-x86_64
Version: 2.0.0
Check: package dependencies
Result: ERROR
Package required but not available: ‘EnhancedVolcano’
See section ‘The DESCRIPTION file’ in the ‘Writing R Extensions’
manual.
Flavors: r-oldrel-macos-arm64, r-oldrel-macos-x86_64