Last updated on 2024-08-31 22:49:52 CEST.
Flavor | Version | Tinstall | Tcheck | Ttotal | Status | Flags |
---|---|---|---|---|---|---|
r-devel-linux-x86_64-debian-clang | 0.9.22 | 10.26 | 90.84 | 101.10 | OK | |
r-devel-linux-x86_64-debian-gcc | 0.9.22 | 7.00 | 64.16 | 71.16 | OK | |
r-devel-linux-x86_64-fedora-clang | 0.9.22 | 166.40 | WARN | |||
r-devel-linux-x86_64-fedora-gcc | 0.9.22 | 148.95 | WARN | |||
r-devel-windows-x86_64 | 0.9.22 | 13.00 | 270.00 | 283.00 | OK | |
r-patched-linux-x86_64 | 0.9.22 | 10.35 | 82.47 | 92.82 | OK | |
r-release-linux-x86_64 | 0.9.22 | 9.15 | 83.20 | 92.35 | OK | |
r-release-macos-arm64 | 0.9.22 | 52.00 | OK | |||
r-release-macos-x86_64 | 0.9.22 | 84.00 | OK | |||
r-release-windows-x86_64 | 0.9.22 | 12.00 | 281.00 | 293.00 | OK | |
r-oldrel-macos-arm64 | 0.9.22 | 61.00 | OK | |||
r-oldrel-macos-x86_64 | 0.9.22 | 85.00 | OK | |||
r-oldrel-windows-x86_64 | 0.9.22 | 16.00 | 286.00 | 302.00 | OK |
Version: 0.9.22
Check: package dependencies
Result: WARN
Requires orphaned package: ‘taxize’
Flavors: r-devel-linux-x86_64-fedora-clang, r-devel-linux-x86_64-fedora-gcc
Version: 0.9.22
Check: data for non-ASCII characters
Result: NOTE
Note: found 153 marked Latin-1 strings
Note: found 108 marked UTF-8 strings
Flavors: r-devel-linux-x86_64-fedora-clang, r-devel-linux-x86_64-fedora-gcc