Last updated on 2024-05-02 08:58:02 CEST.
Flavor | Version | Tinstall | Tcheck | Ttotal | Status | Flags |
---|---|---|---|---|---|---|
r-devel-linux-x86_64-debian-clang | 2.0 | 95.07 | 58.26 | 153.33 | OK | |
r-devel-linux-x86_64-debian-gcc | 2.0 | 74.07 | 49.98 | 124.05 | OK | |
r-devel-linux-x86_64-fedora-clang | 2.0 | 199.70 | OK | |||
r-devel-linux-x86_64-fedora-gcc | 2.0 | 207.93 | OK | |||
r-devel-windows-x86_64 | 2.0 | 69.00 | 224.00 | 293.00 | OK | |
r-patched-linux-x86_64 | 2.0 | 92.08 | 63.96 | 156.04 | OK | |
r-release-linux-x86_64 | 2.0 | 89.94 | 62.66 | 152.60 | OK | |
r-release-macos-arm64 | 2.0 | 46.00 | NOTE | |||
r-release-windows-x86_64 | 2.0 | 69.00 | 126.00 | 195.00 | OK | |
r-oldrel-macos-arm64 | 2.0 | 50.00 | NOTE | |||
r-oldrel-macos-x86_64 | 2.0 | 78.00 | NOTE | |||
r-oldrel-windows-x86_64 | 2.0 | 83.00 | 100.00 | 183.00 | OK |
Version: 2.0
Check: installed package size
Result: NOTE
installed size is 16.8Mb
sub-directories of 1Mb or more:
data 1.2Mb
libs 15.4Mb
Flavors: r-release-macos-arm64, r-oldrel-macos-arm64, r-oldrel-macos-x86_64