Last updated on 2023-11-28 23:04:53 CET.
Flavor | Version | Tinstall | Tcheck | Ttotal | Status | Flags |
---|---|---|---|---|---|---|
r-devel-linux-x86_64-debian-clang | 5.1 | 8.01 | 94.26 | 102.27 | OK | |
r-devel-linux-x86_64-debian-gcc | 5.1 | 7.50 | 70.17 | 77.67 | OK | |
r-devel-linux-x86_64-fedora-clang | 5.1 | 128.13 | NOTE | |||
r-devel-linux-x86_64-fedora-gcc | 5.1 | 129.81 | NOTE | |||
r-devel-windows-x86_64 | 5.1 | 10.00 | 218.00 | 228.00 | OK | |
r-patched-linux-x86_64 | 5.1 | 15.08 | 91.43 | 106.51 | OK | |
r-release-linux-x86_64 | 5.1 | 5.92 | 89.38 | 95.30 | OK | |
r-release-macos-arm64 | 5.1 | 42.00 | OK | |||
r-release-macos-x86_64 | 5.1 | 57.00 | OK | |||
r-release-windows-x86_64 | 5.1 | 14.00 | 308.00 | 322.00 | OK | |
r-oldrel-macos-arm64 | 5.1 | 38.00 | NOTE | |||
r-oldrel-macos-x86_64 | 5.1 | 63.00 | NOTE | |||
r-oldrel-windows-x86_64 | 5.1 | 14.00 | 107.00 | 121.00 | OK |
Version: 5.1
Check: dependencies in R code
Result: NOTE
Namespaces in Imports field not imported from:
‘EMD’ ‘vars’
All declared Imports should be used.
Flavors: r-devel-linux-x86_64-fedora-clang, r-devel-linux-x86_64-fedora-gcc, r-oldrel-macos-arm64, r-oldrel-macos-x86_64