CRAN Package Check Results for Package TT

Last updated on 2024-06-13 12:50:05 CEST.

Flavor Version Tinstall Tcheck Ttotal Status Flags
r-devel-linux-x86_64-debian-clang 0.98 3.09 29.29 32.38 OK
r-devel-linux-x86_64-debian-gcc 0.98 0.30 1.73 2.03 ERROR
r-devel-linux-x86_64-fedora-clang 0.98 41.81 OK
r-devel-linux-x86_64-fedora-gcc 0.98 40.31 OK
r-devel-windows-x86_64 0.98 4.00 46.00 50.00 OK
r-patched-linux-x86_64 0.98 7.82 28.45 36.27 OK
r-release-linux-x86_64 0.98 3.31 28.70 32.01 OK
r-release-macos-arm64 0.98 18.00 OK
r-release-macos-x86_64 0.98 25.00 OK
r-release-windows-x86_64 0.98 5.00 125.00 130.00 OK
r-oldrel-macos-arm64 0.98 19.00 OK
r-oldrel-macos-x86_64 0.98 26.00 OK
r-oldrel-windows-x86_64 0.98 6.00 141.00 147.00 OK

Check Details

Version: 0.98
Check: package dependencies
Result: ERROR Packages required but not available: 'dplyr', 'purrr' See section ‘The DESCRIPTION file’ in the ‘Writing R Extensions’ manual. Flavor: r-devel-linux-x86_64-debian-gcc