Last updated on 2024-08-31 22:49:52 CEST.
Flavor | Version | Tinstall | Tcheck | Ttotal | Status | Flags |
---|---|---|---|---|---|---|
r-devel-linux-x86_64-debian-clang | 0.12.1 | 36.41 | 59.20 | 95.61 | NOTE | |
r-devel-linux-x86_64-debian-gcc | 0.12.1 | 24.71 | 40.49 | 65.20 | NOTE | |
r-devel-linux-x86_64-fedora-clang | 0.12.1 | 163.93 | NOTE | |||
r-devel-linux-x86_64-fedora-gcc | 0.12.1 | 178.16 | NOTE | |||
r-devel-windows-x86_64 | 0.12.1 | 38.00 | 100.00 | 138.00 | NOTE | |
r-patched-linux-x86_64 | 0.12.1 | 34.12 | 56.83 | 90.95 | NOTE | |
r-release-linux-x86_64 | 0.12.1 | 34.97 | 56.85 | 91.82 | NOTE | |
r-release-macos-arm64 | 0.12.1 | 54.00 | NOTE | |||
r-release-macos-x86_64 | 0.12.1 | 85.00 | NOTE | |||
r-release-windows-x86_64 | 0.12.1 | 37.00 | 246.00 | 283.00 | NOTE | |
r-oldrel-macos-arm64 | 0.12.1 | 59.00 | OK | |||
r-oldrel-macos-x86_64 | 0.12.1 | 93.00 | OK | |||
r-oldrel-windows-x86_64 | 0.12.1 | 48.00 | 122.00 | 170.00 | OK |
Version: 0.12.1
Check: Rd files
Result: NOTE
checkRd: (-1) SKPar.Rd:36: Lost braces in \itemize; meant \describe ?
checkRd: (-1) SKPar.Rd:37: Lost braces in \itemize; meant \describe ?
checkRd: (-1) SKPar.Rd:38: Lost braces in \itemize; meant \describe ?
checkRd: (-1) SKPar.Rd:39: Lost braces in \itemize; meant \describe ?
checkRd: (-1) SKPar.Rd:40: Lost braces in \itemize; meant \describe ?
checkRd: (-1) SKPar.Rd:41: Lost braces in \itemize; meant \describe ?
checkRd: (-1) SKPar.Rd:42: Lost braces in \itemize; meant \describe ?
checkRd: (-1) SKPar.Rd:43: Lost braces in \itemize; meant \describe ?
Flavors: r-devel-linux-x86_64-debian-clang, r-devel-linux-x86_64-debian-gcc, r-devel-linux-x86_64-fedora-clang, r-devel-linux-x86_64-fedora-gcc, r-devel-windows-x86_64, r-patched-linux-x86_64, r-release-linux-x86_64, r-release-macos-arm64, r-release-macos-x86_64, r-release-windows-x86_64