Last updated on 2024-05-02 09:52:11 CEST.
Flavor | Version | Tinstall | Tcheck | Ttotal | Status | Flags |
---|---|---|---|---|---|---|
r-devel-linux-x86_64-debian-clang | 1.1.1 | 8.92 | 70.21 | 79.13 | OK | |
r-devel-linux-x86_64-debian-gcc | 1.1.1 | 8.99 | 53.00 | 61.99 | OK | |
r-devel-linux-x86_64-fedora-clang | 1.1.1 | 98.77 | NOTE | |||
r-devel-linux-x86_64-fedora-gcc | 1.1.1 | 94.03 | NOTE | |||
r-devel-windows-x86_64 | 1.1.1 | 9.00 | 78.00 | 87.00 | OK | |
r-patched-linux-x86_64 | 1.1.1 | 10.16 | 65.88 | 76.04 | OK | |
r-release-linux-x86_64 | 1.1.1 | 8.51 | 67.10 | 75.61 | OK | |
r-release-macos-arm64 | 1.1.1 | 39.00 | OK | |||
r-release-windows-x86_64 | 1.1.1 | 8.00 | 77.00 | 85.00 | OK | |
r-oldrel-macos-arm64 | 1.1.1 | 38.00 | OK | |||
r-oldrel-macos-x86_64 | 1.1.1 | 68.00 | OK | |||
r-oldrel-windows-x86_64 | 1.1.1 | 11.00 | 85.00 | 96.00 | OK |
Version: 1.1.1
Check: dependencies in R code
Result: NOTE
Namespace in Imports field not imported from: ‘utils’
All declared Imports should be used.
Flavors: r-devel-linux-x86_64-fedora-clang, r-devel-linux-x86_64-fedora-gcc