Last updated on 2024-04-27 07:52:59 CEST.
Flavor | Version | Tinstall | Tcheck | Ttotal | Status | Flags |
---|---|---|---|---|---|---|
r-devel-linux-x86_64-debian-clang | 0.9.2 | 9.94 | 75.93 | 85.87 | NOTE | |
r-devel-linux-x86_64-debian-gcc | 0.9.2 | 7.80 | 55.68 | 63.48 | NOTE | |
r-devel-linux-x86_64-fedora-clang | 0.9.2 | 113.96 | NOTE | |||
r-devel-linux-x86_64-fedora-gcc | 0.9.2 | 112.86 | NOTE | |||
r-devel-windows-x86_64 | 0.9.2 | 9.00 | 74.00 | 83.00 | NOTE | |
r-patched-linux-x86_64 | 0.9.2 | 6.03 | 69.74 | 75.77 | NOTE | |
r-release-linux-x86_64 | 0.9.2 | 5.59 | 68.70 | 74.29 | OK | |
r-release-macos-arm64 | 0.9.2 | 38.00 | NOTE | |||
r-release-windows-x86_64 | 0.9.2 | 10.00 | 72.00 | 82.00 | NOTE | |
r-oldrel-macos-arm64 | 0.9.2 | 39.00 | OK | |||
r-oldrel-macos-x86_64 | 0.9.2 | 66.00 | OK | |||
r-oldrel-windows-x86_64 | 0.9.2 | 11.00 | 202.00 | 213.00 | OK |
Version: 0.9.2
Check: Rd files
Result: NOTE
checkRd: (-1) MC_CRUDE.Rd:19: Lost braces; missing escapes or markup?
19 | \item{lsf}{objective function with limit state function in form of function(x) {x[1]+x[2]...}}
| ^
checkRd: (-1) MC_IS.Rd:23: Lost braces; missing escapes or markup?
23 | \item{lsf}{objective function with limit state function in form of function(x) {x[1]+x[2]...}}
| ^
checkRd: (-1) PROB_BASEVAR-class.Rd:14: Lost braces
14 | \item{\code{Id}}{Place in vector of objective functional expression function(x){x[id]}}
| ^
checkRd: (-1) PROB_DETVAR-class.Rd:14: Lost braces
14 | \item{\code{Id}}{Place in vector of objective functional expression function(x){x[id]}}
| ^
checkRd: (-1) SORM.Rd:10: Lost braces; missing escapes or markup?
10 | \item{lsf}{objective function with limit state function in form of function(x) {x[1]+x[2]...}}
| ^
checkRd: (-1) SYS_LSF-class.Rd:16: Lost braces
16 | \item{\code{func}}{prepared for objective functions like SYS_LSF$func <- function(x){return(x[1] + x[2])}}
| ^
Flavors: r-devel-linux-x86_64-debian-clang, r-devel-linux-x86_64-debian-gcc, r-devel-linux-x86_64-fedora-clang, r-devel-linux-x86_64-fedora-gcc, r-devel-windows-x86_64, r-patched-linux-x86_64, r-release-macos-arm64, r-release-windows-x86_64