Last updated on 2025-02-09 22:50:23 CET.
Flavor | Version | Tinstall | Tcheck | Ttotal | Status | Flags |
---|---|---|---|---|---|---|
r-devel-linux-x86_64-debian-clang | 1.1 | 4.22 | 40.41 | 44.63 | OK | |
r-devel-linux-x86_64-debian-gcc | 1.1 | 3.59 | 31.30 | 34.89 | OK | |
r-devel-linux-x86_64-fedora-clang | 1.1 | 75.70 | OK | |||
r-devel-linux-x86_64-fedora-gcc | 1.1 | 66.57 | OK | |||
r-devel-windows-x86_64 | 1.1 | 6.00 | 58.00 | 64.00 | OK | |
r-patched-linux-x86_64 | 1.1 | 3.76 | 37.94 | 41.70 | NOTE | |
r-release-linux-x86_64 | 1.1 | 4.53 | 37.79 | 42.32 | NOTE | |
r-release-macos-arm64 | 1.1 | 23.00 | NOTE | |||
r-release-macos-x86_64 | 1.1 | 36.00 | NOTE | |||
r-release-windows-x86_64 | 1.1 | 7.00 | 59.00 | 66.00 | NOTE | |
r-oldrel-macos-arm64 | 1.1 | 24.00 | NOTE | |||
r-oldrel-macos-x86_64 | 1.1 | 36.00 | NOTE | |||
r-oldrel-windows-x86_64 | 1.1 | 7.00 | 68.00 | 75.00 | NOTE |
Version: 1.1
Check: LazyData
Result: NOTE
'LazyData' is specified without a 'data' directory
Flavors: r-patched-linux-x86_64, r-release-linux-x86_64, r-release-macos-arm64, r-release-macos-x86_64, r-release-windows-x86_64, r-oldrel-macos-arm64, r-oldrel-macos-x86_64, r-oldrel-windows-x86_64