Last updated on 2025-04-29 22:50:17 CEST.
Flavor | Version | Tinstall | Tcheck | Ttotal | Status | Flags |
---|---|---|---|---|---|---|
r-devel-linux-x86_64-debian-clang | 0.1.3 | 12.18 | 113.98 | 126.16 | NOTE | |
r-devel-linux-x86_64-debian-gcc | 0.1.3 | 8.74 | 81.86 | 90.60 | NOTE | |
r-devel-linux-x86_64-fedora-clang | 0.1.3 | 181.44 | NOTE | |||
r-devel-linux-x86_64-fedora-gcc | 0.1.3 | 186.08 | NOTE | |||
r-devel-windows-x86_64 | 0.1.3 | 13.00 | 128.00 | 141.00 | OK | |
r-patched-linux-x86_64 | 0.1.3 | 11.73 | 107.80 | 119.53 | OK | |
r-release-linux-x86_64 | 0.1.3 | 12.21 | 108.91 | 121.12 | OK | |
r-release-macos-arm64 | 0.1.3 | 66.00 | OK | |||
r-release-macos-x86_64 | 0.1.3 | 136.00 | OK | |||
r-release-windows-x86_64 | 0.1.3 | 13.00 | 118.00 | 131.00 | OK | |
r-oldrel-macos-arm64 | 0.1.3 | 64.00 | OK | |||
r-oldrel-macos-x86_64 | 0.1.3 | 96.00 | OK | |||
r-oldrel-windows-x86_64 | 0.1.3 | 17.00 | 151.00 | 168.00 | OK |
Version: 0.1.3
Check: examples
Result: NOTE
Examples with CPU (user + system) or elapsed time > 5s
user system elapsed
get_collocations 3.696 0.195 5.526
Flavor: r-devel-linux-x86_64-debian-clang
Version: 0.1.3
Check: examples
Result: NOTE
Examples with CPU (user + system) or elapsed time > 5s
user system elapsed
get_collocations 3.061 0.249 5.423
Flavor: r-devel-linux-x86_64-debian-gcc
Version: 0.1.3
Check: dependencies in R code
Result: NOTE
Namespaces in Imports field not imported from:
‘doParallel’ ‘forecast’ ‘parallel’ ‘tidyr’
All declared Imports should be used.
Flavors: r-devel-linux-x86_64-fedora-clang, r-devel-linux-x86_64-fedora-gcc