Last updated on 2025-04-30 12:49:19 CEST.
Flavor | Version | Tinstall | Tcheck | Ttotal | Status | Flags |
---|---|---|---|---|---|---|
r-devel-linux-x86_64-debian-clang | 0.1.2 | 6.90 | 107.35 | 114.25 | OK | |
r-devel-linux-x86_64-debian-gcc | 0.1.2 | 4.57 | 72.95 | 77.52 | OK | |
r-devel-linux-x86_64-fedora-clang | 0.1.2 | 202.79 | NOTE | |||
r-devel-linux-x86_64-fedora-gcc | 0.1.2 | 209.12 | NOTE | |||
r-devel-windows-x86_64 | 0.1.2 | 8.00 | 115.00 | 123.00 | OK | |
r-patched-linux-x86_64 | 0.1.2 | 4.79 | 101.30 | 106.09 | OK | |
r-release-linux-x86_64 | 0.1.2 | 6.66 | 101.34 | 108.00 | OK | |
r-release-macos-arm64 | 0.1.2 | 51.00 | OK | |||
r-release-macos-x86_64 | 0.1.2 | 116.00 | OK | |||
r-release-windows-x86_64 | 0.1.2 | 7.00 | 108.00 | 115.00 | OK | |
r-oldrel-macos-arm64 | 0.1.2 | 52.00 | OK | |||
r-oldrel-macos-x86_64 | 0.1.2 | 84.00 | OK | |||
r-oldrel-windows-x86_64 | 0.1.2 | 10.00 | 144.00 | 154.00 | OK |
Version: 0.1.2
Check: dependencies in R code
Result: NOTE
Namespaces in Imports field not imported from:
‘MASS’ ‘base’ ‘graphics’ ‘janitor’ ‘rlang’ ‘testthat’ ‘utils’
All declared Imports should be used.
Flavors: r-devel-linux-x86_64-fedora-clang, r-devel-linux-x86_64-fedora-gcc