Last updated on 2024-04-27 07:52:59 CEST.
Flavor | Version | Tinstall | Tcheck | Ttotal | Status | Flags |
---|---|---|---|---|---|---|
r-devel-linux-x86_64-debian-clang | 1.1.3 | 10.56 | 122.89 | 133.45 | NOTE | |
r-devel-linux-x86_64-debian-gcc | 1.1.3 | 9.16 | 91.54 | 100.70 | NOTE | |
r-devel-linux-x86_64-fedora-clang | 1.1.3 | 162.42 | NOTE | |||
r-devel-linux-x86_64-fedora-gcc | 1.1.3 | 175.47 | NOTE | |||
r-devel-windows-x86_64 | 1.1.3 | 12.00 | 116.00 | 128.00 | NOTE | |
r-patched-linux-x86_64 | 1.1.3 | 12.31 | 113.48 | 125.79 | NOTE | |
r-release-linux-x86_64 | 1.1.3 | 11.97 | 119.46 | 131.43 | OK | |
r-release-macos-arm64 | 1.1.3 | 59.00 | NOTE | |||
r-release-macos-x86_64 | 1.1.3 | 136.00 | OK | |||
r-release-windows-x86_64 | 1.1.3 | 12.00 | 114.00 | 126.00 | NOTE | |
r-oldrel-macos-arm64 | 1.1.3 | 67.00 | OK | |||
r-oldrel-macos-x86_64 | 1.1.3 | 88.00 | OK | |||
r-oldrel-windows-x86_64 | 1.1.3 | 15.00 | 130.00 | 145.00 | OK |
Version: 1.1.3
Check: Rd files
Result: NOTE
checkRd: (-1) 01-dataObjects.Rd:18-19: Lost braces
18 | \item \code{sigma}{: A list of length five; each entry is a covariance matrix
| ^
checkRd: (-1) 01-dataObjects.Rd:20-23: Lost braces
20 | \item \code{savedSims}{: A list of length five; each entry is a
| ^
checkRd: (-1) 01-dataObjects.Rd:24-26: Lost braces
24 | \item \code{savedReap}{: A list of length five; each entry is a
| ^
Flavors: r-devel-linux-x86_64-debian-clang, r-devel-linux-x86_64-debian-gcc, r-devel-linux-x86_64-fedora-clang, r-devel-linux-x86_64-fedora-gcc, r-devel-windows-x86_64, r-patched-linux-x86_64, r-release-macos-arm64, r-release-windows-x86_64