Last updated on 2025-04-30 06:51:34 CEST.
Flavor | Version | Tinstall | Tcheck | Ttotal | Status | Flags |
---|---|---|---|---|---|---|
r-devel-linux-x86_64-debian-clang | 0.2 | 10.05 | 81.11 | 91.16 | NOTE | |
r-devel-linux-x86_64-debian-gcc | 0.2 | 7.24 | 57.04 | 64.28 | NOTE | |
r-devel-linux-x86_64-fedora-clang | 0.2 | 143.08 | OK | |||
r-devel-linux-x86_64-fedora-gcc | 0.2 | 135.86 | OK | |||
r-devel-windows-x86_64 | 0.2 | 11.00 | 92.00 | 103.00 | OK | |
r-patched-linux-x86_64 | 0.2 | 10.01 | 77.34 | 87.35 | OK | |
r-release-linux-x86_64 | 0.2 | 8.76 | 77.32 | 86.08 | OK | |
r-release-macos-arm64 | 0.2 | 39.00 | OK | |||
r-release-macos-x86_64 | 0.2 | 74.00 | OK | |||
r-release-windows-x86_64 | 0.2 | 11.00 | 91.00 | 102.00 | OK | |
r-oldrel-macos-arm64 | 0.2 | 36.00 | NOTE | |||
r-oldrel-macos-x86_64 | 0.2 | 60.00 | NOTE | |||
r-oldrel-windows-x86_64 | 0.2 | 13.00 | 274.00 | 287.00 | NOTE |
Version: 0.2
Check: examples
Result: NOTE
Examples with CPU (user + system) or elapsed time > 5s
user system elapsed
run_simulation 7.532 0.086 10.821
Flavor: r-devel-linux-x86_64-debian-clang
Version: 0.2
Check: examples
Result: NOTE
Examples with CPU (user + system) or elapsed time > 5s
user system elapsed
run_simulation 4.721 0.25 6.287
Flavor: r-devel-linux-x86_64-debian-gcc
Version: 0.2
Check: LazyData
Result: NOTE
'LazyData' is specified without a 'data' directory
Flavors: r-oldrel-macos-arm64, r-oldrel-macos-x86_64, r-oldrel-windows-x86_64