Last updated on 2025-02-04 19:50:37 CET.
Flavor | Version | Tinstall | Tcheck | Ttotal | Status | Flags |
---|---|---|---|---|---|---|
r-devel-linux-x86_64-debian-clang | 0.0-3 | 40.27 | 74.55 | 114.82 | NOTE | |
r-devel-linux-x86_64-debian-gcc | 0.0-3 | 30.18 | 54.37 | 84.55 | NOTE | |
r-devel-linux-x86_64-fedora-clang | 0.0-3 | 205.82 | NOTE | |||
r-devel-linux-x86_64-fedora-gcc | 0.0-3 | 197.78 | NOTE | |||
r-devel-windows-x86_64 | 0.0-3 | 45.00 | 107.00 | 152.00 | NOTE | |
r-patched-linux-x86_64 | 0.0-3 | 39.96 | 69.29 | 109.25 | NOTE | |
r-release-linux-x86_64 | 0.0-3 | 41.90 | 69.66 | 111.56 | NOTE | |
r-release-macos-arm64 | 0.0-3 | 46.00 | NOTE | |||
r-release-macos-x86_64 | 0.0-3 | 71.00 | NOTE | |||
r-release-windows-x86_64 | 0.0-3 | 41.00 | 103.00 | 144.00 | NOTE | |
r-oldrel-macos-arm64 | 0.0-3 | 59.00 | NOTE | |||
r-oldrel-macos-x86_64 | 0.0-3 | 87.00 | NOTE | |||
r-oldrel-windows-x86_64 | 0.0-3 | 50.00 | 124.00 | 174.00 | NOTE |
Version: 0.0-3
Check: C++ specification
Result: NOTE
Specified C++11: please drop specification unless essential
Flavors: r-devel-linux-x86_64-debian-clang, r-devel-linux-x86_64-debian-gcc, r-devel-linux-x86_64-fedora-clang, r-devel-linux-x86_64-fedora-gcc, r-devel-windows-x86_64, r-patched-linux-x86_64, r-release-linux-x86_64, r-release-macos-arm64, r-release-macos-x86_64, r-release-windows-x86_64, r-oldrel-macos-arm64, r-oldrel-macos-x86_64, r-oldrel-windows-x86_64
Version: 0.0-3
Check: installed package size
Result: NOTE
installed size is 5.3Mb
sub-directories of 1Mb or more:
libs 5.1Mb
Flavor: r-oldrel-macos-arm64