Last updated on 2023-12-08 12:52:34 CET.
Flavor | Version | Tinstall | Tcheck | Ttotal | Status | Flags |
---|---|---|---|---|---|---|
r-devel-linux-x86_64-debian-clang | 1.1-9 | 111.16 | 728.76 | 839.92 | NOTE | |
r-devel-linux-x86_64-debian-gcc | 1.1-9 | 86.97 | 511.63 | 598.60 | NOTE | |
r-devel-linux-x86_64-fedora-clang | 1.1-9 | 1015.48 | NOTE | |||
r-devel-linux-x86_64-fedora-gcc | 1.1-9 | 975.09 | OK | |||
r-devel-windows-x86_64 | 1.1-9 | 106.00 | 619.00 | 725.00 | NOTE | |
r-patched-linux-x86_64 | 1.1-9 | 144.86 | 696.85 | 841.71 | WARN | |
r-release-linux-x86_64 | 1.1-9 | 108.03 | 701.03 | 809.06 | WARN | |
r-release-macos-arm64 | 1.1-9 | 231.00 | WARN | |||
r-release-macos-x86_64 | 1.1-9 | 704.00 | WARN | |||
r-release-windows-x86_64 | 1.1-9 | 116.00 | 784.00 | 900.00 | WARN | |
r-oldrel-macos-arm64 | 1.1-9 | 213.00 | WARN | |||
r-oldrel-macos-x86_64 | 1.1-9 | 275.00 | WARN | |||
r-oldrel-windows-x86_64 | 1.1-9 | 147.00 | 733.00 | 880.00 | WARN |
Version: 1.1-9
Check: Rd files
Result: NOTE
checkRd: (-1) CommonVGAMffArguments.Rd:597: Lost braces
597 | Changes relating to the code{lss} argument have very important
| ^
checkRd: (-1) ucberk.Rd:20: Lost braces
20 | called \code{A}, code{B}, \dots, code{F}.
| ^
checkRd: (-1) ucberk.Rd:20: Lost braces
20 | called \code{A}, code{B}, \dots, code{F}.
| ^
Flavors: r-devel-linux-x86_64-debian-clang, r-devel-linux-x86_64-debian-gcc
Version: 1.1-9
Check: installed package size
Result: NOTE
installed size is 8.1Mb
sub-directories of 1Mb or more:
R 4.1Mb
help 3.1Mb
Flavors: r-devel-linux-x86_64-fedora-clang, r-devel-windows-x86_64, r-release-macos-arm64, r-release-macos-x86_64, r-release-windows-x86_64, r-oldrel-macos-arm64, r-oldrel-macos-x86_64, r-oldrel-windows-x86_64
Version: 1.1-9
Check: Rd cross-references
Result: WARN
Missing link or links in documentation object 'profilevglm.Rd':
‘[stats]{plot.profile}’
See section 'Cross-references' in the 'Writing R Extensions' manual.
Flavors: r-patched-linux-x86_64, r-release-linux-x86_64, r-release-macos-arm64, r-release-macos-x86_64, r-release-windows-x86_64, r-oldrel-macos-arm64, r-oldrel-windows-x86_64
Version: 1.1-9
Check: Rd cross-references
Result: WARN
Missing link or links in documentation object 'gamma2.Rd':
‘[VGAMdata]{bigamma.mckay}’
Missing link or links in documentation object 'gammaR.Rd':
‘[VGAMdata]{bigamma.mckay}’
Missing link or links in documentation object 'gammaff.mm.Rd':
‘[VGAMdata]{bigamma.mckay}’
Missing link or links in documentation object 'profilevglm.Rd':
‘[stats]{plot.profile}’
See section 'Cross-references' in the 'Writing R Extensions' manual.
Flavor: r-oldrel-macos-x86_64