Last updated on 2024-05-02 13:50:20 CEST.
Flavor | Version | Tinstall | Tcheck | Ttotal | Status | Flags |
---|---|---|---|---|---|---|
r-devel-linux-x86_64-debian-clang | 1.1.0 | 13.05 | 83.08 | 96.13 | NOTE | |
r-devel-linux-x86_64-debian-gcc | 1.1.0 | 8.86 | 60.95 | 69.81 | NOTE | |
r-devel-linux-x86_64-fedora-clang | 1.1.0 | 123.78 | NOTE | |||
r-devel-linux-x86_64-fedora-gcc | 1.1.0 | 114.38 | NOTE | |||
r-devel-windows-x86_64 | 1.1.0 | 10.00 | 75.00 | 85.00 | NOTE | |
r-patched-linux-x86_64 | 1.1.0 | 12.70 | 79.31 | 92.01 | NOTE | |
r-release-linux-x86_64 | 1.1.0 | 8.50 | 80.77 | 89.27 | NOTE | |
r-release-macos-arm64 | 1.1.0 | 31.00 | NOTE | |||
r-release-windows-x86_64 | 1.1.0 | 11.00 | 73.00 | 84.00 | NOTE | |
r-oldrel-macos-arm64 | 1.1.0 | 37.00 | OK | |||
r-oldrel-macos-x86_64 | 1.1.0 | 61.00 | OK | |||
r-oldrel-windows-x86_64 | 1.1.0 | 13.00 | 90.00 | 103.00 | OK |
Version: 1.1.0
Check: Rd files
Result: NOTE
checkRd: (-1) WACS.Rd:18: Lost braces in \itemize; meant \describe ?
checkRd: (-1) WACS.Rd:19: Lost braces in \itemize; meant \describe ?
checkRd: (-1) WACS.Rd:20: Lost braces in \itemize; meant \describe ?
checkRd: (-1) WACS.Rd:21: Lost braces in \itemize; meant \describe ?
checkRd: (-1) WACS.Rd:22: Lost braces in \itemize; meant \describe ?
checkRd: (-1) WACS.Rd:23: Lost braces in \itemize; meant \describe ?
checkRd: (-1) WACS.Rd:24: Lost braces in \itemize; meant \describe ?
checkRd: (-1) WACS.Rd:36-37: Lost braces in \itemize; meant \describe ?
checkRd: (-1) WACS.Rd:38-39: Lost braces in \itemize; meant \describe ?
checkRd: (-1) WACSreadAgroclim.Rd:15: Lost braces in \itemize; \value handles \item{}{} directly
checkRd: (-1) WACSreadAgroclim.Rd:16-17: Lost braces in \itemize; \value handles \item{}{} directly
Flavors: r-devel-linux-x86_64-debian-clang, r-devel-linux-x86_64-debian-gcc, r-devel-linux-x86_64-fedora-clang, r-devel-linux-x86_64-fedora-gcc, r-devel-windows-x86_64, r-patched-linux-x86_64, r-release-linux-x86_64, r-release-macos-arm64, r-release-windows-x86_64