Last updated on 2025-02-04 16:49:28 CET.
Flavor | Version | Tinstall | Tcheck | Ttotal | Status | Flags |
---|---|---|---|---|---|---|
r-devel-linux-x86_64-debian-clang | 0.1.3 | 85.58 | 53.82 | 139.40 | NOTE | |
r-devel-linux-x86_64-debian-gcc | 0.1.3 | 60.04 | 40.90 | 100.94 | NOTE | |
r-devel-linux-x86_64-fedora-clang | 0.1.3 | 274.16 | NOTE | |||
r-devel-linux-x86_64-fedora-gcc | 0.1.3 | 264.07 | NOTE | |||
r-devel-windows-x86_64 | 0.1.3 | 91.00 | 88.00 | 179.00 | NOTE | |
r-patched-linux-x86_64 | 0.1.3 | 81.19 | 49.87 | 131.06 | NOTE | |
r-release-linux-x86_64 | 0.1.3 | 82.84 | 50.89 | 133.73 | NOTE | |
r-release-macos-arm64 | 0.1.3 | 53.00 | NOTE | |||
r-release-macos-x86_64 | 0.1.3 | 64.00 | NOTE | |||
r-release-windows-x86_64 | 0.1.3 | 91.00 | 85.00 | 176.00 | NOTE | |
r-oldrel-macos-arm64 | 0.1.3 | 76.00 | NOTE | |||
r-oldrel-macos-x86_64 | 0.1.3 | 119.00 | NOTE | |||
r-oldrel-windows-x86_64 | 0.1.3 | 105.00 | 107.00 | 212.00 | NOTE |
Version: 0.1.3
Check: C++ specification
Result: NOTE
Specified C++11: please drop specification unless essential
Flavors: r-devel-linux-x86_64-debian-clang, r-devel-linux-x86_64-debian-gcc, r-devel-linux-x86_64-fedora-clang, r-devel-linux-x86_64-fedora-gcc, r-devel-windows-x86_64, r-patched-linux-x86_64, r-release-linux-x86_64, r-release-macos-arm64, r-release-macos-x86_64, r-release-windows-x86_64, r-oldrel-macos-arm64, r-oldrel-macos-x86_64, r-oldrel-windows-x86_64
Version: 0.1.3
Check: installed package size
Result: NOTE
installed size is 5.1Mb
sub-directories of 1Mb or more:
libs 5.0Mb
Flavor: r-oldrel-macos-arm64