CRAN Package Check Results for Package Z10

Last updated on 2024-06-13 11:48:34 CEST.

Flavor Version Tinstall Tcheck Ttotal Status Flags
r-devel-linux-x86_64-debian-clang 0.1.0 3.01 24.55 27.56 NOTE
r-devel-linux-x86_64-debian-gcc 0.1.0 0.31 1.70 2.01 ERROR
r-devel-linux-x86_64-fedora-clang 0.1.0 37.19 NOTE
r-devel-linux-x86_64-fedora-gcc 0.1.0 34.90 NOTE
r-devel-windows-x86_64 0.1.0 3.00 41.00 44.00 NOTE
r-patched-linux-x86_64 0.1.0 3.25 24.67 27.92 NOTE
r-release-linux-x86_64 0.1.0 2.18 24.60 26.78 NOTE
r-release-macos-arm64 0.1.0 16.00 NOTE
r-release-macos-x86_64 0.1.0 22.00 NOTE
r-release-windows-x86_64 0.1.0 4.00 44.00 48.00 NOTE
r-oldrel-macos-arm64 0.1.0 16.00 NOTE
r-oldrel-macos-x86_64 0.1.0 21.00 NOTE
r-oldrel-windows-x86_64 0.1.0 5.00 46.00 51.00 NOTE

Check Details

Version: 0.1.0
Check: package dependencies
Result: NOTE Packages suggested but not available for checking: 'RNRCS', 'metScanR', 'rnoaa' Flavors: r-devel-linux-x86_64-debian-clang, r-devel-linux-x86_64-fedora-clang, r-devel-linux-x86_64-fedora-gcc, r-patched-linux-x86_64, r-release-linux-x86_64

Version: 0.1.0
Check: LazyData
Result: NOTE 'LazyData' is specified without a 'data' directory Flavors: r-devel-linux-x86_64-debian-clang, r-devel-linux-x86_64-fedora-clang, r-devel-linux-x86_64-fedora-gcc, r-devel-windows-x86_64, r-patched-linux-x86_64, r-release-linux-x86_64, r-release-macos-arm64, r-release-macos-x86_64, r-release-windows-x86_64, r-oldrel-macos-arm64, r-oldrel-macos-x86_64, r-oldrel-windows-x86_64

Version: 0.1.0
Check: package dependencies
Result: ERROR Packages required but not available: 'stringr', 'lubridate', 'dplyr' Packages suggested but not available for checking: 'RNRCS', 'metScanR', 'rnoaa', 'neonUtilities' See section ‘The DESCRIPTION file’ in the ‘Writing R Extensions’ manual. Flavor: r-devel-linux-x86_64-debian-gcc

Version: 0.1.0
Check: package dependencies
Result: NOTE Packages suggested but not available for checking: 'RNRCS', 'metScanR' Flavors: r-devel-windows-x86_64, r-release-macos-arm64, r-release-macos-x86_64, r-release-windows-x86_64, r-oldrel-macos-arm64, r-oldrel-macos-x86_64, r-oldrel-windows-x86_64