Last updated on 2025-02-04 17:49:07 CET.
Flavor | Version | Tinstall | Tcheck | Ttotal | Status | Flags |
---|---|---|---|---|---|---|
r-devel-linux-x86_64-debian-clang | 1.0.1 | 3.16 | 24.08 | 27.24 | OK | |
r-devel-linux-x86_64-debian-gcc | 1.0.1 | 2.54 | 19.20 | 21.74 | OK | |
r-devel-linux-x86_64-fedora-clang | 1.0.1 | 44.14 | OK | |||
r-devel-linux-x86_64-fedora-gcc | 1.0.1 | 42.55 | OK | |||
r-devel-windows-x86_64 | 1.0.1 | 5.00 | 46.00 | 51.00 | OK | |
r-patched-linux-x86_64 | 1.0.1 | 3.47 | 23.34 | 26.81 | NOTE | |
r-release-linux-x86_64 | 1.0.1 | 3.14 | 22.91 | 26.05 | NOTE | |
r-release-macos-arm64 | 1.0.1 | 20.00 | NOTE | |||
r-release-macos-x86_64 | 1.0.1 | 26.00 | NOTE | |||
r-release-windows-x86_64 | 1.0.1 | 6.00 | 46.00 | 52.00 | NOTE | |
r-oldrel-macos-arm64 | 1.0.1 | 19.00 | NOTE | |||
r-oldrel-macos-x86_64 | 1.0.1 | 25.00 | NOTE | |||
r-oldrel-windows-x86_64 | 1.0.1 | 6.00 | 47.00 | 53.00 | NOTE |
Version: 1.0.1
Check: LazyData
Result: NOTE
'LazyData' is specified without a 'data' directory
Flavors: r-patched-linux-x86_64, r-release-linux-x86_64, r-release-macos-arm64, r-release-macos-x86_64, r-release-windows-x86_64, r-oldrel-macos-arm64, r-oldrel-macos-x86_64, r-oldrel-windows-x86_64
Version: 1.0.1
Check: installed package size
Result: NOTE
installed size is 11.7Mb
sub-directories of 1Mb or more:
htmlwidgets 11.6Mb
Flavors: r-release-macos-arm64, r-release-macos-x86_64, r-release-windows-x86_64, r-oldrel-macos-arm64, r-oldrel-macos-x86_64, r-oldrel-windows-x86_64