Last updated on 2025-04-30 08:52:49 CEST.
Flavor | Version | Tinstall | Tcheck | Ttotal | Status | Flags |
---|---|---|---|---|---|---|
r-devel-linux-x86_64-debian-clang | 2.1.2 | 23.53 | 329.45 | 352.98 | NOTE | |
r-devel-linux-x86_64-debian-gcc | 2.1.2 | 15.51 | 214.20 | 229.71 | NOTE | |
r-devel-linux-x86_64-fedora-clang | 2.1.2 | 610.10 | NOTE | |||
r-devel-linux-x86_64-fedora-gcc | 2.1.2 | 605.64 | NOTE | |||
r-devel-windows-x86_64 | 2.1.2 | 24.00 | 315.00 | 339.00 | NOTE | |
r-patched-linux-x86_64 | 2.1.2 | 20.96 | 314.35 | 335.31 | NOTE | |
r-release-linux-x86_64 | 2.1.2 | 21.45 | 314.02 | 335.47 | NOTE | |
r-release-macos-arm64 | 2.1.2 | 147.00 | NOTE | |||
r-release-macos-x86_64 | 2.1.2 | 347.00 | NOTE | |||
r-release-windows-x86_64 | 2.1.2 | 24.00 | 326.00 | 350.00 | NOTE | |
r-oldrel-macos-arm64 | 2.1.2 | 133.00 | OK | |||
r-oldrel-macos-x86_64 | 2.1.2 | 198.00 | OK | |||
r-oldrel-windows-x86_64 | 2.1.2 | 34.00 | 448.00 | 482.00 | OK |
Version: 2.1.2
Check: DESCRIPTION meta-information
Result: NOTE
Missing dependency on R >= 4.1.0 because package code uses the pipe
|> or function shorthand \(...) syntax added in R 4.1.0.
File(s) using such syntax:
‘compute_accumulation_metrics.R’
Flavors: r-devel-linux-x86_64-debian-clang, r-devel-linux-x86_64-debian-gcc, r-devel-linux-x86_64-fedora-clang, r-devel-linux-x86_64-fedora-gcc, r-devel-windows-x86_64, r-patched-linux-x86_64, r-release-linux-x86_64, r-release-macos-arm64, r-release-macos-x86_64, r-release-windows-x86_64
Version: 2.1.2
Check: examples
Result: NOTE
Examples with CPU (user + system) or elapsed time > 5s
user system elapsed
plot_data 6.380 0.052 9.288
compute_mets 3.976 0.194 5.883
mark_wear_time 3.208 0.096 5.124
Flavor: r-devel-linux-x86_64-debian-clang
Version: 2.1.2
Check: examples
Result: NOTE
Examples with CPU (user + system) or elapsed time > 5s
user system elapsed
plot_data 3.928 0.079 5.889
Flavor: r-devel-linux-x86_64-debian-gcc