Last updated on 2025-04-29 02:48:40 CEST.
Flavor | Version | Tinstall | Tcheck | Ttotal | Status | Flags |
---|---|---|---|---|---|---|
r-devel-linux-x86_64-debian-clang | 0.2.3 | 3.73 | 94.00 | 97.73 | OK | |
r-devel-linux-x86_64-debian-gcc | 0.2.3 | 2.73 | 67.66 | 70.39 | NOTE | |
r-devel-linux-x86_64-fedora-clang | 0.2.3 | 156.71 | OK | |||
r-devel-linux-x86_64-fedora-gcc | 0.2.3 | 147.17 | OK | |||
r-devel-windows-x86_64 | 0.2.3 | 6.00 | 114.00 | 120.00 | OK | |
r-patched-linux-x86_64 | 0.2.3 | 2.39 | 89.81 | 92.20 | OK | |
r-release-linux-x86_64 | 0.2.3 | 3.86 | 89.41 | 93.27 | OK | |
r-release-macos-arm64 | 0.2.3 | 49.00 | OK | |||
r-release-macos-x86_64 | 0.2.3 | 80.00 | OK | |||
r-release-windows-x86_64 | 0.2.3 | 7.00 | 116.00 | 123.00 | OK | |
r-oldrel-macos-arm64 | 0.2.3 | 55.00 | NOTE | |||
r-oldrel-macos-x86_64 | 0.2.3 | 86.00 | NOTE | |||
r-oldrel-windows-x86_64 | 0.2.3 | 8.00 | 140.00 | 148.00 | NOTE |
Version: 0.2.3
Check: examples
Result: NOTE
Examples with CPU (user + system) or elapsed time > 5s
user system elapsed
bin_data 12.574 0.376 17.598
plot_actogram 9.763 0.342 14.025
read_clock_lab_files 8.557 0.099 10.800
Flavor: r-devel-linux-x86_64-debian-gcc
Version: 0.2.3
Check: LazyData
Result: NOTE
'LazyData' is specified without a 'data' directory
Flavors: r-oldrel-macos-arm64, r-oldrel-macos-x86_64, r-oldrel-windows-x86_64