CRAN Package Check Results for Package actogrammr

Last updated on 2024-06-13 10:48:47 CEST.

Flavor Version Tinstall Tcheck Ttotal Status Flags
r-devel-linux-x86_64-debian-clang 0.2.3 5.61 125.35 130.96 NOTE
r-devel-linux-x86_64-debian-gcc 0.2.3 0.43 1.73 2.16 ERROR
r-devel-linux-x86_64-fedora-clang 0.2.3 159.69 NOTE
r-devel-linux-x86_64-fedora-gcc 0.2.3 151.20 NOTE
r-devel-windows-x86_64 0.2.3 6.00 114.00 120.00 NOTE
r-patched-linux-x86_64 0.2.3 3.44 118.63 122.07 NOTE
r-release-linux-x86_64 0.2.3 3.14 118.54 121.68 NOTE
r-release-macos-arm64 0.2.3 55.00 NOTE
r-release-macos-x86_64 0.2.3 86.00 NOTE
r-release-windows-x86_64 0.2.3 6.00 116.00 122.00 NOTE
r-oldrel-macos-arm64 0.2.3 54.00 NOTE
r-oldrel-macos-x86_64 0.2.3 88.00 NOTE
r-oldrel-windows-x86_64 0.2.3 7.00 129.00 136.00 NOTE

Check Details

Version: 0.2.3
Check: LazyData
Result: NOTE 'LazyData' is specified without a 'data' directory Flavors: r-devel-linux-x86_64-debian-clang, r-devel-linux-x86_64-fedora-clang, r-devel-linux-x86_64-fedora-gcc, r-devel-windows-x86_64, r-patched-linux-x86_64, r-release-linux-x86_64, r-release-macos-arm64, r-release-macos-x86_64, r-release-windows-x86_64, r-oldrel-macos-arm64, r-oldrel-macos-x86_64, r-oldrel-windows-x86_64

Version: 0.2.3
Check: package dependencies
Result: ERROR Packages required but not available: 'dplyr', 'ggplot2', 'lubridate', 'readr', 'tidyr' Package suggested but not available for checking: ‘testthat’ See section ‘The DESCRIPTION file’ in the ‘Writing R Extensions’ manual. Flavor: r-devel-linux-x86_64-debian-gcc