Last updated on 2024-07-27 16:49:01 CEST.
Flavor | Version | Tinstall | Tcheck | Ttotal | Status | Flags |
---|---|---|---|---|---|---|
r-devel-linux-x86_64-debian-clang | 1.0-21 | 31.54 | 408.42 | 439.96 | OK | |
r-devel-linux-x86_64-debian-gcc | 1.0-21 | OK | ||||
r-devel-linux-x86_64-fedora-clang | 1.0-21 | 538.15 | OK | |||
r-devel-linux-x86_64-fedora-gcc | 1.0-21 | 517.49 | OK | |||
r-devel-windows-x86_64 | 1.0-21 | 30.00 | 294.00 | 324.00 | OK | |
r-patched-linux-x86_64 | 1.0-21 | OK | ||||
r-release-linux-x86_64 | 1.0-21 | 29.10 | 381.87 | 410.97 | OK | |
r-release-macos-arm64 | 1.0-21 | 135.00 | NOTE | |||
r-release-macos-x86_64 | 1.0-21 | 268.00 | NOTE | |||
r-release-windows-x86_64 | 1.0-21 | 30.00 | 289.00 | 319.00 | OK | |
r-oldrel-macos-arm64 | 1.0-21 | 140.00 | NOTE | |||
r-oldrel-macos-x86_64 | 1.0-21 | 312.00 | NOTE | |||
r-oldrel-windows-x86_64 | 1.0-21 | 40.00 | 387.00 | 427.00 | OK |
Version: 1.0-21
Check: installed package size
Result: NOTE
installed size is 5.3Mb
sub-directories of 1Mb or more:
R 2.0Mb
doc 2.7Mb
Flavors: r-release-macos-arm64, r-release-macos-x86_64, r-oldrel-macos-arm64, r-oldrel-macos-x86_64