Last updated on 2025-04-30 13:54:08 CEST.
Flavor | Version | Tinstall | Tcheck | Ttotal | Status | Flags |
---|---|---|---|---|---|---|
r-devel-linux-x86_64-debian-clang | 0.11.2 | 13.31 | 469.52 | 482.83 | NOTE | |
r-devel-linux-x86_64-debian-gcc | 0.11.2 | 7.52 | 316.16 | 323.68 | OK | |
r-devel-linux-x86_64-fedora-clang | 0.11.2 | 786.72 | OK | |||
r-devel-linux-x86_64-fedora-gcc | 0.11.2 | 790.71 | OK | |||
r-devel-windows-x86_64 | 0.11.2 | 14.00 | 465.00 | 479.00 | OK | |
r-patched-linux-x86_64 | 0.11.2 | 14.30 | 443.73 | 458.03 | OK | |
r-release-linux-x86_64 | 0.11.2 | 11.85 | 445.21 | 457.06 | OK | |
r-release-macos-arm64 | 0.11.2 | 238.00 | OK | |||
r-release-macos-x86_64 | 0.11.2 | 438.00 | OK | |||
r-release-windows-x86_64 | 0.11.2 | 15.00 | 459.00 | 474.00 | OK | |
r-oldrel-macos-arm64 | 0.11.2 | 200.00 | OK | |||
r-oldrel-macos-x86_64 | 0.11.2 | 627.00 | OK | |||
r-oldrel-windows-x86_64 | 0.11.2 | 15.00 | 687.00 | 702.00 | OK |
Version: 0.11.2
Check: examples
Result: NOTE
Examples with CPU (user + system) or elapsed time > 5s
user system elapsed
adjusted_curve_diff 5.832 0.185 7.750
adjustedcif 4.200 0.060 5.528
surv_prox_iptw 4.176 0.039 5.008
Flavor: r-devel-linux-x86_64-debian-clang