Last updated on 2025-04-29 16:52:26 CEST.
Flavor | Version | Tinstall | Tcheck | Ttotal | Status | Flags |
---|---|---|---|---|---|---|
r-devel-linux-x86_64-debian-clang | 1.2.0 | 6.41 | 226.25 | 232.66 | NOTE | |
r-devel-linux-x86_64-debian-gcc | 1.2.0 | 4.83 | 161.34 | 166.17 | NOTE | |
r-devel-linux-x86_64-fedora-clang | 1.2.0 | 385.84 | OK | |||
r-devel-linux-x86_64-fedora-gcc | 1.2.0 | 388.08 | OK | |||
r-devel-windows-x86_64 | 1.2.0 | 9.00 | 203.00 | 212.00 | OK | |
r-patched-linux-x86_64 | 1.2.0 | 7.97 | 209.09 | 217.06 | OK | |
r-release-linux-x86_64 | 1.2.0 | 6.19 | 211.31 | 217.50 | OK | |
r-release-macos-arm64 | 1.2.0 | 113.00 | OK | |||
r-release-macos-x86_64 | 1.2.0 | 247.00 | OK | |||
r-release-windows-x86_64 | 1.2.0 | 9.00 | 204.00 | 213.00 | OK | |
r-oldrel-macos-arm64 | 1.2.0 | 120.00 | OK | |||
r-oldrel-macos-x86_64 | 1.2.0 | 213.00 | OK | |||
r-oldrel-windows-x86_64 | 1.2.0 | 11.00 | 285.00 | 296.00 | OK |
Version: 1.2.0
Check: examples
Result: NOTE
Examples with CPU (user + system) or elapsed time > 5s
user system elapsed
derive_param_confirmed_bor 7.057 0.044 8.694
derive_param_confirmed_resp 6.808 0.055 8.530
Flavor: r-devel-linux-x86_64-debian-clang
Version: 1.2.0
Check: examples
Result: NOTE
Examples with CPU (user + system) or elapsed time > 5s
user system elapsed
derive_param_confirmed_bor 4.452 0.033 5.248
derive_param_confirmed_resp 4.353 0.046 5.263
Flavor: r-devel-linux-x86_64-debian-gcc