Last updated on 2024-04-26 08:54:47 CEST.
Flavor | Version | Tinstall | Tcheck | Ttotal | Status | Flags |
---|---|---|---|---|---|---|
r-devel-linux-x86_64-debian-clang | 1.2.0 | 13.43 | 120.34 | 133.77 | NOTE | |
r-devel-linux-x86_64-debian-gcc | 1.2.0 | 9.82 | 85.85 | 95.67 | NOTE | |
r-devel-linux-x86_64-fedora-clang | 1.2.0 | 163.03 | NOTE | |||
r-devel-linux-x86_64-fedora-gcc | 1.2.0 | 182.08 | NOTE | |||
r-devel-windows-x86_64 | 1.2.0 | 12.00 | 98.00 | 110.00 | NOTE | |
r-patched-linux-x86_64 | 1.2.0 | 11.12 | 110.10 | 121.22 | NOTE | |
r-release-linux-x86_64 | 1.2.0 | 11.88 | 109.77 | 121.65 | NOTE | |
r-release-macos-arm64 | 1.2.0 | 53.00 | NOTE | |||
r-release-windows-x86_64 | 1.2.0 | 12.00 | 99.00 | 111.00 | NOTE | |
r-oldrel-macos-arm64 | 1.2.0 | 43.00 | NOTE | |||
r-oldrel-macos-x86_64 | 1.2.0 | 67.00 | NOTE | |||
r-oldrel-windows-x86_64 | 1.2.0 | 16.00 | 123.00 | 139.00 | NOTE |
Version: 1.2.0
Check: package dependencies
Result: NOTE
Package which this enhances but not available for checking: ‘asreml’
Flavors: r-devel-linux-x86_64-debian-clang, r-devel-linux-x86_64-debian-gcc, r-devel-linux-x86_64-fedora-clang, r-devel-linux-x86_64-fedora-gcc, r-devel-windows-x86_64, r-patched-linux-x86_64, r-release-linux-x86_64, r-release-macos-arm64, r-release-windows-x86_64, r-oldrel-macos-arm64, r-oldrel-macos-x86_64, r-oldrel-windows-x86_64