Last updated on 2024-04-20 14:50:26 CEST.
Flavor | Version | Tinstall | Tcheck | Ttotal | Status | Flags |
---|---|---|---|---|---|---|
r-devel-linux-x86_64-debian-clang | 1.20.1 | 39.79 | 80.79 | 120.58 | NOTE | |
r-devel-linux-x86_64-debian-gcc | 1.20.1 | 34.00 | 59.18 | 93.18 | NOTE | |
r-devel-linux-x86_64-fedora-clang | 1.20.1 | 159.57 | NOTE | |||
r-devel-linux-x86_64-fedora-gcc | 1.20.1 | 183.07 | NOTE | |||
r-prerel-macos-arm64 | 1.20.1 | 48.00 | NOTE | |||
r-prerel-windows-x86_64 | 1.20.1 | 33.00 | 89.00 | 122.00 | NOTE | |
r-patched-linux-x86_64 | 1.20.1 | 38.66 | 76.97 | 115.63 | NOTE | |
r-release-linux-x86_64 | 1.20.1 | 29.07 | 77.07 | 106.14 | NOTE | |
r-release-macos-arm64 | 1.20.1 | 44.00 | NOTE | |||
r-release-macos-x86_64 | 1.20.1 | 69.00 | NOTE | |||
r-release-windows-x86_64 | 1.20.1 | 41.00 | 109.00 | 150.00 | NOTE | |
r-oldrel-macos-arm64 | 1.20.1 | 37.00 | OK | |||
r-oldrel-windows-x86_64 | 1.20.1 | 39.00 | 104.00 | 143.00 | OK |
Version: 1.20.1
Check: C++ specification
Result: NOTE
Specified C++11: please drop specification unless essential
Flavors: r-devel-linux-x86_64-debian-clang, r-devel-linux-x86_64-debian-gcc, r-devel-linux-x86_64-fedora-clang, r-devel-linux-x86_64-fedora-gcc, r-prerel-macos-arm64, r-prerel-windows-x86_64, r-patched-linux-x86_64, r-release-linux-x86_64, r-release-macos-arm64, r-release-macos-x86_64, r-release-windows-x86_64