Last updated on 2025-02-04 16:49:06 CET.
Flavor | Version | Tinstall | Tcheck | Ttotal | Status | Flags |
---|---|---|---|---|---|---|
r-devel-linux-x86_64-debian-clang | 0.2.2 | 1.65 | 19.33 | 20.98 | NOTE | |
r-devel-linux-x86_64-debian-gcc | 0.2.2 | 1.21 | 16.46 | 17.67 | NOTE | |
r-devel-linux-x86_64-fedora-clang | 0.2.2 | 34.98 | NOTE | |||
r-devel-linux-x86_64-fedora-gcc | 0.2.2 | 33.74 | NOTE | |||
r-devel-windows-x86_64 | 0.2.2 | 4.00 | 42.00 | 46.00 | NOTE | |
r-patched-linux-x86_64 | 0.2.2 | 1.56 | 18.53 | 20.09 | OK | |
r-release-linux-x86_64 | 0.2.2 | 1.73 | 18.64 | 20.37 | OK | |
r-release-macos-arm64 | 0.2.2 | 17.00 | OK | |||
r-release-macos-x86_64 | 0.2.2 | 24.00 | OK | |||
r-release-windows-x86_64 | 0.2.2 | 3.00 | 43.00 | 46.00 | OK | |
r-oldrel-macos-arm64 | 0.2.2 | 15.00 | OK | |||
r-oldrel-macos-x86_64 | 0.2.2 | 37.00 | OK | |||
r-oldrel-windows-x86_64 | 0.2.2 | 3.00 | 44.00 | 47.00 | OK |
Version: 0.2.2
Check: DESCRIPTION meta-information
Result: NOTE
Missing dependency on R >= 4.1.0 because package code uses the pipe
|> or function shorthand \(...) syntax added in R 4.1.0.
File(s) using such syntax:
‘gateway_keyring.R’ ‘gateway_openai.R’
Flavors: r-devel-linux-x86_64-debian-clang, r-devel-linux-x86_64-debian-gcc, r-devel-linux-x86_64-fedora-clang, r-devel-linux-x86_64-fedora-gcc, r-devel-windows-x86_64