Last updated on 2024-07-27 16:49:01 CEST.
Flavor | Version | Tinstall | Tcheck | Ttotal | Status | Flags |
---|---|---|---|---|---|---|
r-devel-linux-x86_64-debian-clang | 0.9.9 | 13.44 | 202.55 | 215.99 | OK | |
r-devel-linux-x86_64-debian-gcc | 0.9.9 | NOTE | ||||
r-devel-linux-x86_64-fedora-clang | 0.9.9 | 283.61 | NOTE | |||
r-devel-linux-x86_64-fedora-gcc | 0.9.9 | 271.81 | OK | |||
r-devel-windows-x86_64 | 0.9.9 | 15.00 | 164.00 | 179.00 | NOTE | |
r-patched-linux-x86_64 | 0.9.9 | OK | ||||
r-release-linux-x86_64 | 0.9.9 | 12.17 | 200.14 | 212.31 | OK | |
r-release-macos-arm64 | 0.9.9 | 81.00 | OK | |||
r-release-macos-x86_64 | 0.9.9 | 116.00 | OK | |||
r-release-windows-x86_64 | 0.9.9 | 14.00 | 160.00 | 174.00 | OK | |
r-oldrel-macos-arm64 | 0.9.9 | 89.00 | OK | |||
r-oldrel-macos-x86_64 | 0.9.9 | 141.00 | OK | |||
r-oldrel-windows-x86_64 | 0.9.9 | 20.00 | 205.00 | 225.00 | OK |
Version: 0.9.9
Check: Rd cross-references
Result: NOTE
Found the following Rd file(s) with Rd \link{} targets missing package
anchors:
keyword_merge.Rd: stem_strings, lemmatize_strings
Please provide package anchors for all Rd \link{} targets not in the
package itself and the base packages.
Flavors: r-devel-linux-x86_64-debian-gcc, r-devel-windows-x86_64
Version: 0.9.9
Check: Rd cross-references
Result: NOTE
Undeclared package ‘SnowballC’ in Rd xrefs
Flavor: r-devel-linux-x86_64-fedora-clang