CRAN Package Check Results for Package allMT

Last updated on 2024-06-15 11:50:01 CEST.

Flavor Version Tinstall Tcheck Ttotal Status Flags
r-devel-linux-x86_64-debian-clang 0.1.0 16.80 126.34 143.14 NOTE
r-devel-linux-x86_64-debian-gcc 0.1.0 11.68 93.04 104.72 NOTE
r-devel-linux-x86_64-fedora-clang 0.1.0 186.34 NOTE
r-devel-linux-x86_64-fedora-gcc 0.1.0 186.99 NOTE
r-devel-windows-x86_64 0.1.0 14.00 163.00 177.00 NOTE
r-patched-linux-x86_64 0.1.0 12.84 118.12 130.96 NOTE
r-release-linux-x86_64 0.1.0 13.89 120.74 134.63 NOTE
r-release-macos-arm64 0.1.0 53.00 NOTE
r-release-macos-x86_64 0.1.0 77.00 NOTE
r-release-windows-x86_64 0.1.0 15.00 106.00 121.00 NOTE
r-oldrel-macos-arm64 0.1.0 35.00 OK
r-oldrel-macos-x86_64 0.1.0 86.00 OK
r-oldrel-windows-x86_64 0.1.0 18.00 127.00 145.00 OK

Check Details

Version: 0.1.0
Check: Rd files
Result: NOTE checkRd: (-1) compare_cohorts.Rd:35: Lost braces in \itemize; meant \describe ? checkRd: (-1) compare_cohorts.Rd:36: Lost braces in \itemize; meant \describe ? Flavors: r-devel-linux-x86_64-debian-clang, r-devel-linux-x86_64-debian-gcc, r-devel-linux-x86_64-fedora-clang, r-devel-linux-x86_64-fedora-gcc, r-devel-windows-x86_64, r-patched-linux-x86_64, r-release-linux-x86_64, r-release-macos-arm64, r-release-macos-x86_64, r-release-windows-x86_64