Last updated on 2025-04-30 00:49:36 CEST.
Flavor | Version | Tinstall | Tcheck | Ttotal | Status | Flags |
---|---|---|---|---|---|---|
r-devel-linux-x86_64-debian-clang | 0.2.3 | 11.27 | 153.23 | 164.50 | NOTE | |
r-devel-linux-x86_64-debian-gcc | 0.2.3 | 6.86 | 105.58 | 112.44 | NOTE | |
r-devel-linux-x86_64-fedora-clang | 0.2.3 | 236.66 | NOTE | |||
r-devel-linux-x86_64-fedora-gcc | 0.2.3 | 242.83 | NOTE | |||
r-devel-windows-x86_64 | 0.2.3 | 11.00 | 157.00 | 168.00 | NOTE | |
r-patched-linux-x86_64 | 0.2.3 | 8.55 | 141.63 | 150.18 | NOTE | |
r-release-linux-x86_64 | 0.2.3 | 9.00 | 140.91 | 149.91 | NOTE | |
r-release-macos-arm64 | 0.2.3 | 78.00 | NOTE | |||
r-release-macos-x86_64 | 0.2.3 | 143.00 | NOTE | |||
r-release-windows-x86_64 | 0.2.3 | 14.00 | 155.00 | 169.00 | NOTE | |
r-oldrel-macos-arm64 | 0.2.3 | 71.00 | NOTE | |||
r-oldrel-macos-x86_64 | 0.2.3 | 112.00 | NOTE | |||
r-oldrel-windows-x86_64 | 0.2.3 | 14.00 | 200.00 | 214.00 | NOTE |
Version: 0.2.3
Check: Rd files
Result: NOTE
checkRd: (-1) allestimates.Rd:25: Lost braces in \itemize; meant \describe ?
checkRd: (-1) allestimates.Rd:26: Lost braces in \itemize; meant \describe ?
checkRd: (-1) allestimates.Rd:27: Lost braces in \itemize; meant \describe ?
checkRd: (-1) allestimates.Rd:28: Lost braces in \itemize; meant \describe ?
Flavors: r-devel-linux-x86_64-debian-clang, r-devel-linux-x86_64-debian-gcc, r-devel-linux-x86_64-fedora-clang, r-devel-linux-x86_64-fedora-gcc, r-devel-windows-x86_64, r-patched-linux-x86_64, r-release-linux-x86_64, r-release-macos-arm64, r-release-macos-x86_64, r-release-windows-x86_64, r-oldrel-macos-arm64, r-oldrel-macos-x86_64, r-oldrel-windows-x86_64
Version: 0.2.3
Check: examples
Result: NOTE
Examples with CPU (user + system) or elapsed time > 5s
user system elapsed
all_plot 4.977 0.066 7.306
all_plot_aic 4.985 0.036 7.857
all_cox 4.854 0.053 6.907
all_plot_aic2 4.844 0.039 6.483
all_glm 3.907 0.039 5.387
all_plot2 3.172 0.035 5.453
Flavor: r-devel-linux-x86_64-debian-clang