Last updated on 2025-02-04 16:49:06 CET.
Flavor | Version | Tinstall | Tcheck | Ttotal | Status | Flags |
---|---|---|---|---|---|---|
r-devel-linux-x86_64-debian-clang | 0.3.9 | 12.42 | 126.71 | 139.13 | NOTE | |
r-devel-linux-x86_64-debian-gcc | 0.3.9 | 10.56 | 91.54 | 102.10 | NOTE | |
r-devel-linux-x86_64-fedora-clang | 0.3.9 | 229.98 | OK | |||
r-devel-linux-x86_64-fedora-gcc | 0.3.9 | 228.18 | OK | |||
r-devel-windows-x86_64 | 0.3.9 | 15.00 | 129.00 | 144.00 | NOTE | |
r-patched-linux-x86_64 | 0.3.9 | 19.71 | 115.11 | 134.82 | OK | |
r-release-linux-x86_64 | 0.3.9 | 13.94 | 117.20 | 131.14 | OK | |
r-release-macos-arm64 | 0.3.9 | 73.00 | OK | |||
r-release-macos-x86_64 | 0.3.9 | 98.00 | OK | |||
r-release-windows-x86_64 | 0.3.9 | 16.00 | 124.00 | 140.00 | OK | |
r-oldrel-macos-arm64 | 0.3.9 | 57.00 | OK | |||
r-oldrel-macos-x86_64 | 0.3.9 | 77.00 | OK | |||
r-oldrel-windows-x86_64 | 0.3.9 | 21.00 | 238.00 | 259.00 | OK |
Version: 0.3.9
Check: Rd cross-references
Result: NOTE
Found the following Rd file(s) with Rd \link{} targets missing package
anchors:
cleanse.data.frame.Rd: tbl_df
split_by.data.frame.Rd: tbl_df
treatment_corr.Rd: tbl_df
Please provide package anchors for all Rd \link{} targets not in the
package itself and the base packages.
Flavors: r-devel-linux-x86_64-debian-clang, r-devel-linux-x86_64-debian-gcc, r-devel-windows-x86_64