Last updated on 2023-06-07 21:01:13 CEST.
Flavor | Version | Tinstall | Tcheck | Ttotal | Status | Flags |
---|---|---|---|---|---|---|
r-devel-linux-x86_64-debian-clang | 1.0.6 | 9.59 | 104.73 | 114.32 | NOTE | |
r-devel-linux-x86_64-debian-gcc | 1.0.6 | 8.66 | 77.68 | 86.34 | NOTE | |
r-devel-linux-x86_64-fedora-clang | 1.0.6 | 142.92 | NOTE | |||
r-devel-linux-x86_64-fedora-gcc | 1.0.6 | 137.12 | NOTE | |||
r-devel-windows-x86_64 | 1.0.6 | 13.00 | 111.00 | 124.00 | NOTE | |
r-patched-linux-x86_64 | 1.0.6 | 14.10 | 98.71 | 112.81 | NOTE | |
r-release-linux-x86_64 | 1.0.6 | 11.74 | 98.70 | 110.44 | NOTE | |
r-release-macos-arm64 | 1.0.6 | 45.00 | NOTE | |||
r-release-macos-x86_64 | 1.0.6 | 70.00 | NOTE | |||
r-release-windows-x86_64 | 1.0.6 | 15.00 | 134.00 | 149.00 | NOTE | |
r-oldrel-macos-arm64 | 1.0.6 | 41.00 | OK | |||
r-oldrel-macos-x86_64 | 1.0.6 | 71.00 | OK | |||
r-oldrel-windows-x86_64 | 1.0.6 | 16.00 | 134.00 | 150.00 | OK |
Version: 1.0.6
Check: Rd files
Result: NOTE
checkRd: (-1) UN1.Rd:16: Escaped LaTeX specials: \$
checkRd: (-1) rateprof.Rd:64: Escaped LaTeX specials: \&
Flavors: r-devel-linux-x86_64-debian-clang, r-devel-linux-x86_64-debian-gcc, r-devel-linux-x86_64-fedora-clang, r-devel-linux-x86_64-fedora-gcc, r-devel-windows-x86_64, r-patched-linux-x86_64, r-release-linux-x86_64, r-release-macos-arm64, r-release-macos-x86_64, r-release-windows-x86_64