Last updated on 2024-03-28 12:50:27 CET.
Flavor | Version | Tinstall | Tcheck | Ttotal | Status | Flags |
---|---|---|---|---|---|---|
r-devel-linux-x86_64-debian-clang | 0.1.0 | 4.65 | 28.41 | 33.06 | OK | |
r-devel-linux-x86_64-debian-gcc | 0.1.0 | 4.88 | 22.58 | 27.46 | OK | |
r-devel-linux-x86_64-fedora-clang | 0.1.0 | 42.96 | NOTE | |||
r-devel-linux-x86_64-fedora-gcc | 0.1.0 | 43.09 | NOTE | |||
r-devel-windows-x86_64 | 0.1.0 | 7.00 | 45.00 | 52.00 | OK | |
r-patched-linux-x86_64 | 0.1.0 | 6.29 | 27.41 | 33.70 | OK | |
r-release-linux-x86_64 | 0.1.0 | 4.96 | 28.10 | 33.06 | OK | |
r-release-macos-arm64 | 0.1.0 | 23.00 | OK | |||
r-release-macos-x86_64 | 0.1.0 | 31.00 | OK | |||
r-release-windows-x86_64 | 0.1.0 | 10.00 | 46.00 | 56.00 | OK | |
r-oldrel-macos-arm64 | 0.1.0 | 21.00 | NOTE | |||
r-oldrel-windows-x86_64 | 0.1.0 | 9.00 | 48.00 | 57.00 | OK |
Version: 0.1.0
Check: data for non-ASCII characters
Result: NOTE
Note: found 171 marked UTF-8 strings
Flavors: r-devel-linux-x86_64-fedora-clang, r-devel-linux-x86_64-fedora-gcc, r-oldrel-macos-arm64