CRAN Package Check Results for Package animint2

Last updated on 2023-05-30 20:58:40 CEST.

Flavor Version Tinstall Tcheck Ttotal Status Flags
r-devel-linux-x86_64-debian-clang 2023.3.14 24.83 363.33 388.16 OK
r-devel-linux-x86_64-debian-gcc 2023.3.14 20.97 262.38 283.35 OK
r-devel-linux-x86_64-fedora-clang 2023.3.14 460.98 OK
r-devel-linux-x86_64-fedora-gcc 2023.3.14 474.04 OK
r-devel-windows-x86_64 2023.3.14 23.00 293.00 316.00 OK
r-patched-linux-x86_64 2023.3.14 34.52 335.89 370.41 OK
r-release-linux-x86_64 2023.3.14 21.66 330.91 352.57 OK
r-release-macos-arm64 2023.3.14 118.00 OK
r-release-macos-x86_64 2023.3.14 218.00 NOTE
r-release-windows-x86_64 2023.3.14 29.00 378.00 407.00 OK
r-oldrel-macos-arm64 2023.3.14 111.00 OK
r-oldrel-macos-x86_64 2023.3.14 165.00 OK
r-oldrel-windows-x86_64 2023.3.14 30.00 339.00 369.00 OK

Check Details

Version: 2023.3.14
Check: installed package size
Result: NOTE
     installed size is 5.1Mb
     sub-directories of 1Mb or more:
     data 3.1Mb
Flavor: r-release-macos-x86_64