Last updated on 2025-02-04 16:49:06 CET.
Flavor | Version | Tinstall | Tcheck | Ttotal | Status | Flags |
---|---|---|---|---|---|---|
r-devel-linux-x86_64-debian-clang | 2025.1.28 | 20.82 | 269.76 | 290.58 | OK | |
r-devel-linux-x86_64-debian-gcc | 2025.1.28 | 14.20 | 175.84 | 190.04 | OK | |
r-devel-linux-x86_64-fedora-clang | 2025.1.28 | 483.54 | OK | |||
r-devel-linux-x86_64-fedora-gcc | 2025.1.28 | 450.90 | OK | |||
r-devel-windows-x86_64 | 2025.1.28 | 25.00 | 299.00 | 324.00 | OK | |
r-patched-linux-x86_64 | 2025.1.28 | 26.91 | 249.55 | 276.46 | OK | |
r-release-linux-x86_64 | 2025.1.28 | 19.90 | 250.37 | 270.27 | OK | |
r-release-macos-arm64 | 2025.1.28 | 133.00 | OK | |||
r-release-macos-x86_64 | 2025.1.28 | 220.00 | NOTE | |||
r-release-windows-x86_64 | 2025.1.28 | 24.00 | 287.00 | 311.00 | OK | |
r-oldrel-macos-arm64 | 2024.11.2 | 121.00 | OK | |||
r-oldrel-macos-x86_64 | 2024.11.2 | 205.00 | NOTE | |||
r-oldrel-windows-x86_64 | 2025.1.28 | 30.00 | 376.00 | 406.00 | OK |
Version: 2025.1.28
Check: installed package size
Result: NOTE
installed size is 5.4Mb
sub-directories of 1Mb or more:
data 3.3Mb
Flavor: r-release-macos-x86_64
Version: 2024.11.2
Check: installed package size
Result: NOTE
installed size is 5.2Mb
sub-directories of 1Mb or more:
data 3.1Mb
Flavor: r-oldrel-macos-x86_64